{"id":2756,"date":"2022-06-10T16:23:13","date_gmt":"2022-06-10T19:23:13","guid":{"rendered":"https:\/\/www.bioequimica.com.br\/site\/?post_type=product&#038;p=2756"},"modified":"2024-10-17T16:06:34","modified_gmt":"2024-10-17T19:06:34","slug":"balanca-analitica-shimadzu-ap225wd-220g","status":"publish","type":"product","link":"https:\/\/www.bioequimica.com.br\/site\/produto\/balanca-analitica-shimadzu-ap225wd-220g\/","title":{"rendered":"BALAN\u00c7A ANAL\u00cdTICA SHIMADZU AP225WD CAPACIDADE DE 220g"},"content":{"rendered":"<div class=\"flex max-w-full flex-col flex-grow\">\n<div class=\"min-h-[20px] text-message flex w-full flex-col items-end gap-2 whitespace-pre-wrap break-words [.text-message+&amp;]:mt-5 overflow-x-auto\" dir=\"auto\" data-message-author-role=\"assistant\" data-message-id=\"a096b72e-f6bf-4360-9ca0-b5c932bae9b7\">\n<div class=\"flex w-full flex-col gap-1 empty:hidden first:pt-[3px]\">\n<div class=\"markdown prose w-full break-words dark:prose-invert light\">\n<h3>Shimadzu AP225WD Balan\u00e7a Semi-Anal\u00edtica Dual Range 220g\/102g de Capacidade<\/h3>\n<p>BALAN\u00c7A ANAL\u00cdTICA SHIMADZU AP225WD CAPACIDADE DE 220g<\/p>\n<p>A s\u00e9rie AP de balan\u00e7as anal\u00edticas inclui os modelos APW, APW-D, APX e APY. Esses modelos de balan\u00e7a anal\u00edtica, al\u00e9m de serem inovadores, incorporam caracter\u00edsticas avan\u00e7adas e acess\u00f3rios, como o sensor de pesagem UniBloc monobloco da Shimadzu.<\/p>\n<h4>Caracter\u00edsticas<\/h4>\n<p><strong>Resposta de Pesagem R\u00e1pida<\/strong><br \/>\nO sensor UniBloc AP da Shimadzu reduz o tempo de resposta em cerca de 20% em compara\u00e7\u00e3o ao modelo anterior. Assim, ele melhora significativamente a efici\u00eancia.<\/p>\n<p><strong>Ionizador de Alto Desempenho Opcional<\/strong><br \/>\nO ionizador STABLO AP, compat\u00edvel com os modelos APW, APW-D e APX, elimina a eletricidade est\u00e1tica. Dessa forma, ele facilita o manuseio e a pesagem de p\u00f3s e objetos.<\/p>\n<p><strong>Confiabilidade dos Dados com LabSolutions<\/strong><br \/>\nA integra\u00e7\u00e3o com LabSolutions Balance salva automaticamente os dados de pesagem conforme os regulamentos de registro eletr\u00f4nico (ER) e assinatura eletr\u00f4nica (ES). Al\u00e9m disso, ele \u00e9 compat\u00edvel com diversos instrumentos anal\u00edticos da Shimadzu, como cromatografia, espectrometria de massa, espectroscopia molecular e an\u00e1lise elementar. Portanto, voc\u00ea pode combinar dados de pesagem com dados desses instrumentos em relat\u00f3rios.<\/p>\n<p><strong>Solu\u00e7\u00f5es Tamp\u00e3o e Fun\u00e7\u00f5es de Receita de Amostragem<\/strong><br \/>\nOs modelos APW e APW-D incluem receitas para 13 solu\u00e7\u00f5es tamp\u00e3o padr\u00e3o. Novas receitas podem ser registradas facilmente, com instru\u00e7\u00f5es de prepara\u00e7\u00e3o exibidas no display. Al\u00e9m disso, voc\u00ea tamb\u00e9m pode registrar receitas de amostras, aumentando, assim, a efici\u00eancia em tarefas repetitivas de pesagem.<\/p>\n<h4>Acess\u00f3rios<\/h4>\n<ul>\n<li><strong>Multipadr\u00e3o<\/strong>: Inclu\u00eddo com modelos de 0,01 mg, suporta pesagem com papel de pesagem, microtubos e amostras em tubo longo.<\/li>\n<li><strong>Teclado Num\u00e9rico<\/strong>: Facilita a entrada de valores num\u00e9ricos.<\/li>\n<li><strong>Leitor de C\u00f3digo de Barras<\/strong>: Permite inserir IDs de amostras, IDs e senhas de usu\u00e1rios ao escanear um c\u00f3digo de barras.<\/li>\n<\/ul>\n<p>Com essas caracter\u00edsticas, a s\u00e9rie AP de balan\u00e7as anal\u00edticas da Shimadzu oferece precis\u00e3o e efici\u00eancia para diversas necessidades laboratoriais. A balan\u00e7a anal\u00edtica AP225WD, com sua capacidade dual range de 220g\/102g, destaca-se por sua versatilidade e tecnologia avan\u00e7ada.<\/p>\n<\/div>\n<\/div>\n<\/div>\n<\/div>\n<div class=\"mt-1 flex gap-3 empty:hidden -ml-2\">\n<div class=\"items-center justify-start rounded-xl p-1 flex\"><\/div>\n<\/div>\n<p><strong>Especifica\u00e7\u00f5es do produto<\/strong><\/p>\n<table width=\"896\">\n<tbody>\n<tr>\n<td width=\"398\">Capacidade m\u00e1xima<\/td>\n<td width=\"498\">220 g\/102 g<\/td>\n<\/tr>\n<tr>\n<td>Capacidade de leitura (visualiza\u00e7\u00e3o m\u00ednima)<\/td>\n<td>0,01 mg\/0,1 mg<\/td>\n<\/tr>\n<tr>\n<td>Peso m\u00ednimo<\/td>\n<td>30mg<\/td>\n<\/tr>\n<tr>\n<td>Linearidade \u00b1<\/td>\n<td>\u00b10,1 mg<\/td>\n<\/tr>\n<tr>\n<td>Tempo de estabiliza\u00e7\u00e3o para medidas de corrida<\/td>\n<td>2 segundos \/8 segundos<\/td>\n<\/tr>\n<tr>\n<td>Tempo de estabiliza\u00e7\u00e3o<\/td>\n<td>8 segs.<\/td>\n<\/tr>\n<tr>\n<td>Repetibilidade (desvio padr\u00e3o)<\/td>\n<td>0,1 mg\/0,05 mg<\/td>\n<\/tr>\n<tr>\n<td>Rel\u00f3gio embutido<\/td>\n<td>Inclu\u00eddo<\/td>\n<\/tr>\n<tr>\n<td>Relat\u00f3rio de calibra\u00e7\u00e3o GLP\/GMP\/ISO<\/td>\n<td>Inclu\u00eddo<\/td>\n<\/tr>\n<tr>\n<td>Tecnologia de pesagem UniBloc<\/td>\n<td>Inclu\u00edda<\/td>\n<\/tr>\n<tr>\n<td>Convers\u00e3o de Mol<\/td>\n<td>Inclu\u00eddo<\/td>\n<\/tr>\n<tr>\n<td>Calibra\u00e7\u00e3o embutida<\/td>\n<td>inclusa<\/td>\n<\/tr>\n<tr>\n<td>Amostra(concentra\u00e7\u00e3o) prepara\u00e7\u00e3o<\/td>\n<td>Inclu\u00eddo<\/td>\n<\/tr>\n<tr>\n<td>Suporte de Inspe\u00e7\u00e3o de Suc\u00e7\u00e3o<\/td>\n<td>Inclu\u00eddo<\/td>\n<\/tr>\n<tr>\n<td>Modo de Formula\u00e7\u00e3o de Receita<\/td>\n<td>Inclu\u00eddo<\/td>\n<\/tr>\n<tr>\n<td>Modo de medi\u00e7\u00e3o de gravidade espec\u00edfica<\/td>\n<td>Inclu\u00eddo<\/td>\n<\/tr>\n<tr>\n<td>Inonizador<\/td>\n<td>Opcional<\/td>\n<\/tr>\n<tr>\n<td>Abaixo da medi\u00e7\u00e3o de peso<\/td>\n<td>Inclu\u00eddo<\/td>\n<\/tr>\n<tr>\n<td>Sa\u00edda interna do temporizador<\/td>\n<td>Inclu\u00eddo<\/td>\n<\/tr>\n<tr>\n<td>Peso l\u00edquido<\/td>\n<td>7,9 kg<\/td>\n<\/tr>\n<tr>\n<td>Porta autom\u00e1tica<\/td>\n<td>n\u00e3o aplic\u00e1vel<\/td>\n<\/tr>\n<tr>\n<td>A vida \u00fatil da bateria<\/td>\n<td>n\u00e3o \u00e9 aplic\u00e1vel<\/td>\n<\/tr>\n<tr>\n<td>Tamanho da bandeja<\/td>\n<td>91mm<\/td>\n<\/tr>\n<tr>\n<td>Constru\u00e7\u00e3o de pain\u00e9is<\/td>\n<td>a\u00e7o inoxid\u00e1vel<\/td>\n<\/tr>\n<tr>\n<td>Dimens\u00f5es do corpo Aprox.<\/td>\n<td>212 x 411 x 345 mm<\/td>\n<\/tr>\n<tr>\n<td>Unidade de fornecimento de energia<\/td>\n<td>inclu\u00edda<\/td>\n<\/tr>\n<tr>\n<td>Peso<\/td>\n<td>6,2 Kg<\/td>\n<\/tr>\n<tr>\n<td>Tela<\/td>\n<td>OEL Display (matriz de pontos)<\/td>\n<\/tr>\n<tr>\n<td>Terminal de entrada\/sa\u00edda<\/td>\n<td>RS232 (plugue D-sub 9P); host USB (tipo A); dispositivo USB (tipo B); ionizador<\/td>\n<\/tr>\n<tr>\n<td>Ambiente de trabalho<\/td>\n<td>5\u00baC a 40\u00baC; 20% a 85% RH<\/td>\n<\/tr>\n<tr>\n<td>Estabilidade de sensibilidade contra varia\u00e7\u00e3o de temperatura<\/td>\n<td>\u00b12 ppm\/\u2070C (10\u00baC a 30\u00baC)<\/td>\n<\/tr>\n<\/tbody>\n<\/table>\n<p>&nbsp;<\/p>\n","protected":false},"excerpt":{"rendered":"<p style=\"text-align: justify;\">A S\u00e9rie AP possui a tecnologia Unibloc \u2013 mecanismo de bloco \u00fanico \u2013 que est\u00e1 com tempo de resposta ainda mais r\u00e1pido proporcionando otimiza\u00e7\u00e3o nas pesagens. Conectada ao software LabSolutions Balance permite a conformidade com uma variedade de regulamentos para integridade de dados de medi\u00e7\u00e3o, incluindo ISO 17025 para laborat\u00f3rios de ensaios, ISO 9001 e ISO 14001 para a ind\u00fastria de fabrica\u00e7\u00e3o e GLP\/ GMP e Farmacopeia dos Estados Unidos (USP) para a ind\u00fastria farmac\u00eautica.<\/p>\n","protected":false},"featured_media":2757,"comment_status":"open","ping_status":"closed","template":"","meta":{"_monsterinsights_skip_tracking":false,"_monsterinsights_sitenote_active":false,"_monsterinsights_sitenote_note":"","_monsterinsights_sitenote_category":0},"product_brand":[],"product_cat":[119,100],"product_tag":[],"class_list":{"0":"post-2756","1":"product","2":"type-product","3":"status-publish","4":"has-post-thumbnail","6":"product_cat-balancas-analiticas","7":"product_cat-shimadzu","9":"first","10":"instock","11":"featured","12":"shipping-taxable","13":"product-type-simple"},"yoast_head":"<!-- This site is optimized with the Yoast SEO plugin v25.5 - https:\/\/yoast.com\/wordpress\/plugins\/seo\/ -->\n<title>BALAN\u00c7A ANAL\u00cdTICA SHIMADZU AP225WD 220g - Bio e Qu\u00edmica<\/title>\n<meta name=\"description\" content=\"Balan\u00e7a anal\u00edtica Shimadzu AP225WD UniBloc: Capacidade 220g, 5 casas, resposta r\u00e1pida, estabilidade, controle de sensibilidade, conex\u00e3o com computador e suporte para perif\u00e9ricos.\" \/>\n<meta name=\"robots\" content=\"index, follow, max-snippet:-1, max-image-preview:large, max-video-preview:-1\" \/>\n<link rel=\"canonical\" href=\"https:\/\/www.bioequimica.com.br\/site\/produto\/balanca-analitica-shimadzu-ap225wd-220g\/\" \/>\n<meta property=\"og:locale\" content=\"pt_BR\" \/>\n<meta property=\"og:type\" content=\"article\" \/>\n<meta property=\"og:title\" content=\"BALAN\u00c7A ANAL\u00cdTICA SHIMADZU AP225WD 220g - Bio e Qu\u00edmica\" \/>\n<meta property=\"og:description\" content=\"Balan\u00e7a anal\u00edtica Shimadzu AP225WD UniBloc: Capacidade 220g, 5 casas, resposta r\u00e1pida, estabilidade, controle de sensibilidade, conex\u00e3o com computador e suporte para perif\u00e9ricos.\" \/>\n<meta property=\"og:url\" content=\"https:\/\/www.bioequimica.com.br\/site\/produto\/balanca-analitica-shimadzu-ap225wd-220g\/\" \/>\n<meta property=\"og:site_name\" content=\"Bio e Qu\u00edmica\" \/>\n<meta property=\"article:modified_time\" content=\"2024-10-17T19:06:34+00:00\" \/>\n<meta property=\"og:image\" content=\"https:\/\/www.bioequimica.com.br\/site\/wp-content\/uploads\/2022\/06\/balanca_shimadzu_AP225WD-2.jpg\" \/>\n\t<meta property=\"og:image:width\" content=\"1000\" \/>\n\t<meta property=\"og:image:height\" content=\"1000\" \/>\n\t<meta property=\"og:image:type\" content=\"image\/jpeg\" \/>\n<meta name=\"twitter:card\" content=\"summary_large_image\" \/>\n<meta name=\"twitter:label1\" content=\"Est. tempo de leitura\" \/>\n\t<meta name=\"twitter:data1\" content=\"3 minutos\" \/>\n<script type=\"application\/ld+json\" class=\"yoast-schema-graph\">{\"@context\":\"https:\/\/schema.org\",\"@graph\":[{\"@type\":\"WebPage\",\"@id\":\"https:\/\/www.bioequimica.com.br\/site\/produto\/balanca-analitica-shimadzu-ap225wd-220g\/\",\"url\":\"https:\/\/www.bioequimica.com.br\/site\/produto\/balanca-analitica-shimadzu-ap225wd-220g\/\",\"name\":\"BALAN\u00c7A ANAL\u00cdTICA SHIMADZU AP225WD 220g - Bio e Qu\u00edmica\",\"isPartOf\":{\"@id\":\"https:\/\/www.bioequimica.com.br\/site\/#website\"},\"primaryImageOfPage\":{\"@id\":\"https:\/\/www.bioequimica.com.br\/site\/produto\/balanca-analitica-shimadzu-ap225wd-220g\/#primaryimage\"},\"image\":{\"@id\":\"https:\/\/www.bioequimica.com.br\/site\/produto\/balanca-analitica-shimadzu-ap225wd-220g\/#primaryimage\"},\"thumbnailUrl\":\"https:\/\/www.bioequimica.com.br\/site\/wp-content\/uploads\/2022\/06\/balanca_shimadzu_AP225WD-2.jpg\",\"datePublished\":\"2022-06-10T19:23:13+00:00\",\"dateModified\":\"2024-10-17T19:06:34+00:00\",\"description\":\"Balan\u00e7a anal\u00edtica Shimadzu AP225WD UniBloc: Capacidade 220g, 5 casas, resposta r\u00e1pida, estabilidade, controle de sensibilidade, conex\u00e3o com computador e suporte para perif\u00e9ricos.\",\"breadcrumb\":{\"@id\":\"https:\/\/www.bioequimica.com.br\/site\/produto\/balanca-analitica-shimadzu-ap225wd-220g\/#breadcrumb\"},\"inLanguage\":\"pt-BR\",\"potentialAction\":[{\"@type\":\"ReadAction\",\"target\":[\"https:\/\/www.bioequimica.com.br\/site\/produto\/balanca-analitica-shimadzu-ap225wd-220g\/\"]}]},{\"@type\":\"ImageObject\",\"inLanguage\":\"pt-BR\",\"@id\":\"https:\/\/www.bioequimica.com.br\/site\/produto\/balanca-analitica-shimadzu-ap225wd-220g\/#primaryimage\",\"url\":\"https:\/\/www.bioequimica.com.br\/site\/wp-content\/uploads\/2022\/06\/balanca_shimadzu_AP225WD-2.jpg\",\"contentUrl\":\"https:\/\/www.bioequimica.com.br\/site\/wp-content\/uploads\/2022\/06\/balanca_shimadzu_AP225WD-2.jpg\",\"width\":1000,\"height\":1000},{\"@type\":\"BreadcrumbList\",\"@id\":\"https:\/\/www.bioequimica.com.br\/site\/produto\/balanca-analitica-shimadzu-ap225wd-220g\/#breadcrumb\",\"itemListElement\":[{\"@type\":\"ListItem\",\"position\":1,\"name\":\"In\u00edcio\",\"item\":\"https:\/\/www.bioequimica.com.br\/site\/\"},{\"@type\":\"ListItem\",\"position\":2,\"name\":\"Shop\",\"item\":\"https:\/\/www.bioequimica.com.br\/site\/shop\/\"},{\"@type\":\"ListItem\",\"position\":3,\"name\":\"BALAN\u00c7A ANAL\u00cdTICA SHIMADZU AP225WD CAPACIDADE DE 220g\"}]},{\"@type\":\"WebSite\",\"@id\":\"https:\/\/www.bioequimica.com.br\/site\/#website\",\"url\":\"https:\/\/www.bioequimica.com.br\/site\/\",\"name\":\"Bio e Qu\u00edmica\",\"description\":\"Revenda Autorizada Shimadzu, Nasco,Boeco\",\"publisher\":{\"@id\":\"https:\/\/www.bioequimica.com.br\/site\/#organization\"},\"potentialAction\":[{\"@type\":\"SearchAction\",\"target\":{\"@type\":\"EntryPoint\",\"urlTemplate\":\"https:\/\/www.bioequimica.com.br\/site\/?s={search_term_string}\"},\"query-input\":{\"@type\":\"PropertyValueSpecification\",\"valueRequired\":true,\"valueName\":\"search_term_string\"}}],\"inLanguage\":\"pt-BR\"},{\"@type\":\"Organization\",\"@id\":\"https:\/\/www.bioequimica.com.br\/site\/#organization\",\"name\":\"BioeQuimica Com\u00e9rcio de Produtos para Laborat\u00f3rio Ltda\",\"url\":\"https:\/\/www.bioequimica.com.br\/site\/\",\"logo\":{\"@type\":\"ImageObject\",\"inLanguage\":\"pt-BR\",\"@id\":\"https:\/\/www.bioequimica.com.br\/site\/#\/schema\/logo\/image\/\",\"url\":\"https:\/\/www.bioequimica.com.br\/site\/wp-content\/uploads\/2019\/10\/bioequimica.svg\",\"contentUrl\":\"https:\/\/www.bioequimica.com.br\/site\/wp-content\/uploads\/2019\/10\/bioequimica.svg\",\"width\":500,\"height\":143,\"caption\":\"BioeQuimica Com\u00e9rcio de Produtos para Laborat\u00f3rio Ltda\"},\"image\":{\"@id\":\"https:\/\/www.bioequimica.com.br\/site\/#\/schema\/logo\/image\/\"}}]}<\/script>\n<!-- \/ Yoast SEO plugin. -->","yoast_head_json":{"title":"BALAN\u00c7A ANAL\u00cdTICA SHIMADZU AP225WD 220g - Bio e Qu\u00edmica","description":"Balan\u00e7a anal\u00edtica Shimadzu AP225WD UniBloc: Capacidade 220g, 5 casas, resposta r\u00e1pida, estabilidade, controle de sensibilidade, conex\u00e3o com computador e suporte para perif\u00e9ricos.","robots":{"index":"index","follow":"follow","max-snippet":"max-snippet:-1","max-image-preview":"max-image-preview:large","max-video-preview":"max-video-preview:-1"},"canonical":"https:\/\/www.bioequimica.com.br\/site\/produto\/balanca-analitica-shimadzu-ap225wd-220g\/","og_locale":"pt_BR","og_type":"article","og_title":"BALAN\u00c7A ANAL\u00cdTICA SHIMADZU AP225WD 220g - Bio e Qu\u00edmica","og_description":"Balan\u00e7a anal\u00edtica Shimadzu AP225WD UniBloc: Capacidade 220g, 5 casas, resposta r\u00e1pida, estabilidade, controle de sensibilidade, conex\u00e3o com computador e suporte para perif\u00e9ricos.","og_url":"https:\/\/www.bioequimica.com.br\/site\/produto\/balanca-analitica-shimadzu-ap225wd-220g\/","og_site_name":"Bio e Qu\u00edmica","article_modified_time":"2024-10-17T19:06:34+00:00","og_image":[{"width":1000,"height":1000,"url":"https:\/\/www.bioequimica.com.br\/site\/wp-content\/uploads\/2022\/06\/balanca_shimadzu_AP225WD-2.jpg","type":"image\/jpeg"}],"twitter_card":"summary_large_image","twitter_misc":{"Est. tempo de leitura":"3 minutos"},"schema":{"@context":"https:\/\/schema.org","@graph":[{"@type":"WebPage","@id":"https:\/\/www.bioequimica.com.br\/site\/produto\/balanca-analitica-shimadzu-ap225wd-220g\/","url":"https:\/\/www.bioequimica.com.br\/site\/produto\/balanca-analitica-shimadzu-ap225wd-220g\/","name":"BALAN\u00c7A ANAL\u00cdTICA SHIMADZU AP225WD 220g - Bio e Qu\u00edmica","isPartOf":{"@id":"https:\/\/www.bioequimica.com.br\/site\/#website"},"primaryImageOfPage":{"@id":"https:\/\/www.bioequimica.com.br\/site\/produto\/balanca-analitica-shimadzu-ap225wd-220g\/#primaryimage"},"image":{"@id":"https:\/\/www.bioequimica.com.br\/site\/produto\/balanca-analitica-shimadzu-ap225wd-220g\/#primaryimage"},"thumbnailUrl":"https:\/\/www.bioequimica.com.br\/site\/wp-content\/uploads\/2022\/06\/balanca_shimadzu_AP225WD-2.jpg","datePublished":"2022-06-10T19:23:13+00:00","dateModified":"2024-10-17T19:06:34+00:00","description":"Balan\u00e7a anal\u00edtica Shimadzu AP225WD UniBloc: Capacidade 220g, 5 casas, resposta r\u00e1pida, estabilidade, controle de sensibilidade, conex\u00e3o com computador e suporte para perif\u00e9ricos.","breadcrumb":{"@id":"https:\/\/www.bioequimica.com.br\/site\/produto\/balanca-analitica-shimadzu-ap225wd-220g\/#breadcrumb"},"inLanguage":"pt-BR","potentialAction":[{"@type":"ReadAction","target":["https:\/\/www.bioequimica.com.br\/site\/produto\/balanca-analitica-shimadzu-ap225wd-220g\/"]}]},{"@type":"ImageObject","inLanguage":"pt-BR","@id":"https:\/\/www.bioequimica.com.br\/site\/produto\/balanca-analitica-shimadzu-ap225wd-220g\/#primaryimage","url":"https:\/\/www.bioequimica.com.br\/site\/wp-content\/uploads\/2022\/06\/balanca_shimadzu_AP225WD-2.jpg","contentUrl":"https:\/\/www.bioequimica.com.br\/site\/wp-content\/uploads\/2022\/06\/balanca_shimadzu_AP225WD-2.jpg","width":1000,"height":1000},{"@type":"BreadcrumbList","@id":"https:\/\/www.bioequimica.com.br\/site\/produto\/balanca-analitica-shimadzu-ap225wd-220g\/#breadcrumb","itemListElement":[{"@type":"ListItem","position":1,"name":"In\u00edcio","item":"https:\/\/www.bioequimica.com.br\/site\/"},{"@type":"ListItem","position":2,"name":"Shop","item":"https:\/\/www.bioequimica.com.br\/site\/shop\/"},{"@type":"ListItem","position":3,"name":"BALAN\u00c7A ANAL\u00cdTICA SHIMADZU AP225WD CAPACIDADE DE 220g"}]},{"@type":"WebSite","@id":"https:\/\/www.bioequimica.com.br\/site\/#website","url":"https:\/\/www.bioequimica.com.br\/site\/","name":"Bio e Qu\u00edmica","description":"Revenda Autorizada Shimadzu, Nasco,Boeco","publisher":{"@id":"https:\/\/www.bioequimica.com.br\/site\/#organization"},"potentialAction":[{"@type":"SearchAction","target":{"@type":"EntryPoint","urlTemplate":"https:\/\/www.bioequimica.com.br\/site\/?s={search_term_string}"},"query-input":{"@type":"PropertyValueSpecification","valueRequired":true,"valueName":"search_term_string"}}],"inLanguage":"pt-BR"},{"@type":"Organization","@id":"https:\/\/www.bioequimica.com.br\/site\/#organization","name":"BioeQuimica Com\u00e9rcio de Produtos para Laborat\u00f3rio Ltda","url":"https:\/\/www.bioequimica.com.br\/site\/","logo":{"@type":"ImageObject","inLanguage":"pt-BR","@id":"https:\/\/www.bioequimica.com.br\/site\/#\/schema\/logo\/image\/","url":"https:\/\/www.bioequimica.com.br\/site\/wp-content\/uploads\/2019\/10\/bioequimica.svg","contentUrl":"https:\/\/www.bioequimica.com.br\/site\/wp-content\/uploads\/2019\/10\/bioequimica.svg","width":500,"height":143,"caption":"BioeQuimica Com\u00e9rcio de Produtos para Laborat\u00f3rio Ltda"},"image":{"@id":"https:\/\/www.bioequimica.com.br\/site\/#\/schema\/logo\/image\/"}}]}},"_links":{"self":[{"href":"https:\/\/www.bioequimica.com.br\/site\/wp-json\/wp\/v2\/product\/2756"}],"collection":[{"href":"https:\/\/www.bioequimica.com.br\/site\/wp-json\/wp\/v2\/product"}],"about":[{"href":"https:\/\/www.bioequimica.com.br\/site\/wp-json\/wp\/v2\/types\/product"}],"replies":[{"embeddable":true,"href":"https:\/\/www.bioequimica.com.br\/site\/wp-json\/wp\/v2\/comments?post=2756"}],"wp:featuredmedia":[{"embeddable":true,"href":"https:\/\/www.bioequimica.com.br\/site\/wp-json\/wp\/v2\/media\/2757"}],"wp:attachment":[{"href":"https:\/\/www.bioequimica.com.br\/site\/wp-json\/wp\/v2\/media?parent=2756"}],"wp:term":[{"taxonomy":"product_brand","embeddable":true,"href":"https:\/\/www.bioequimica.com.br\/site\/wp-json\/wp\/v2\/product_brand?post=2756"},{"taxonomy":"product_cat","embeddable":true,"href":"https:\/\/www.bioequimica.com.br\/site\/wp-json\/wp\/v2\/product_cat?post=2756"},{"taxonomy":"product_tag","embeddable":true,"href":"https:\/\/www.bioequimica.com.br\/site\/wp-json\/wp\/v2\/product_tag?post=2756"}],"curies":[{"name":"wp","href":"https:\/\/api.w.org\/{rel}","templated":true}]}}