{"id":2898,"date":"2022-07-27T09:49:10","date_gmt":"2022-07-27T12:49:10","guid":{"rendered":"https:\/\/www.bioequimica.com.br\/site\/?post_type=product&#038;p=2898"},"modified":"2024-08-26T13:43:04","modified_gmt":"2024-08-26T16:43:04","slug":"dispensador-dosador-de-liquidos-autoclavavel-de-5-a-500ml-serie-gp-boeco","status":"publish","type":"product","link":"https:\/\/www.bioequimica.com.br\/site\/produto\/dispensador-dosador-de-liquidos-autoclavavel-de-5-a-500ml-serie-gp-boeco\/","title":{"rendered":"DISPENSADOR DOSADOR DE LIQUIDO AUTOCLAVAVEL DE 5 A 50,0ML &#8211; SERIE GP &#8211; BOECO"},"content":{"rendered":"<p><strong>DISPENSADOR DOSADOR DE L\u00cdQUIDOS AUTOCLAVAVEL DE 5 A 50,0ML &#8211; SERIE GP &#8211; BOECO<\/strong><\/p>\n<p>Os dispensadores de garrafa da S\u00e9rie GP da BOECO oferecem precis\u00e3o comprovada e in\u00fameras vantagens nas opera\u00e7\u00f5es rotineiras de manuseio de l\u00edquidos. O pist\u00e3o de deslocamento positivo, equipado com um l\u00e1bio de veda\u00e7\u00e3o de fluoropl\u00e1stico (PFA), atua como um limpador de para-brisa, evitando o ac\u00famulo de cristais na parede do cilindro ao trabalhar com meios que se cristalizam facilmente. O cilindro de vidro, revestido com material pl\u00e1stico, minimiza o risco de respingos em caso de quebra. Al\u00e9m disso, o tubo de enchimento telesc\u00f3pico ajusta-se suavemente \u00e0 altura da garrafa.<\/p>\n<p>Os dispensadores, constru\u00eddos com materiais resistentes, como vidro borossilicato, cer\u00e2mica AI2O3, ETFE, FEP, PFA, PTFE, platina-ir\u00eddio e PP (tampa de fechamento), suportam a maioria dos \u00e1cidos, bases e solventes. Por isso, voc\u00ea pode utiliz\u00e1-los em praticamente qualquer opera\u00e7\u00e3o com solu\u00e7\u00f5es salinas, \u00e1cidos, bases e muitos solventes org\u00e2nicos.<\/p>\n<p>O dispensador de l\u00edquidos da S\u00e9rie GP da BOECO s\u00e3o totalmente autoclav\u00e1veis a 121\u00b0C (2 bar), conforme a norma DIN EN 285. Eles tamb\u00e9m est\u00e3o dispon\u00edveis com certificado de calibra\u00e7\u00e3o DAkkS ou certificado de qualidade individual. Fabricados na Alemanha, seguem rigorosamente as normas de qualidade e meio ambiente ISO 9001:2008 e ISO 14001:2009.<\/p>\n<h4><strong>Limites de opera\u00e7\u00e3o<\/strong><\/h4>\n<ul>\n<li>Uso Temperatura de +15 \u00b0C a +40 \u00b0C do instrumento e do reagente<\/li>\n<li>Press\u00e3o de vapor: m\u00e1x. 600mbar<\/li>\n<li>Viscosidade cinem\u00e1tica at\u00e9: m\u00e1x. 500 mm2\/s<\/li>\n<li>Densidade: m\u00e1x. 2,2 g\/cm3<\/li>\n<li>L\u00edquidos que atacam a cer\u00e2mica Al2O3, ETFE, FEP, PFA e PTFE (por exemplo, azida de s\u00f3dio dissolvida)<\/li>\n<li>L\u00edquidos que atacam o vidro borossilicato (por exemplo, \u00e1cido fluor\u00eddrico) \u00c1cido n\u00edtrico &gt; 60 %, Tetrahidrofurano, \u00c1cido trifluoroac\u00e9tico.<\/li>\n<li>L\u00edquidos explosivos (por exemplo, dissulfeto de carbono)<\/li>\n<li>Suspens\u00f5es (por exemplo, carv\u00e3o) como part\u00edculas s\u00f3lidas podem entupir ou danificar o instrumento.<\/li>\n<li>L\u00edquidos atacando PP (Closure cap)<\/li>\n<li>Adaptadores GL32\/38\/S40<\/li>\n<li>Tubo de enchimento 170-330 mil\u00edmetros<\/li>\n<\/ul>\n","protected":false},"excerpt":{"rendered":"<p>Marca: Boeco<br \/>\nModelo: BOE 9905050<br \/>\nTipo: Dispensador (dosador) de liquido autoclav\u00e1vel de 5 a 50,0ml &#8211; serie GP<\/p>\n","protected":false},"featured_media":2896,"comment_status":"open","ping_status":"closed","template":"","meta":{"_monsterinsights_skip_tracking":false,"_monsterinsights_sitenote_active":false,"_monsterinsights_sitenote_note":"","_monsterinsights_sitenote_category":0},"product_brand":[],"product_cat":[112],"product_tag":[],"class_list":{"0":"post-2898","1":"product","2":"type-product","3":"status-publish","4":"has-post-thumbnail","6":"product_cat-boeco","8":"first","9":"instock","10":"shipping-taxable","11":"product-type-simple"},"yoast_head":"<!-- This site is optimized with the Yoast SEO plugin v25.5 - https:\/\/yoast.com\/wordpress\/plugins\/seo\/ -->\n<title>DISPENSADOR DE L\u00cdQUIDOS 5 A 50,0ML - BOECO - Bio e Qu\u00edmica<\/title>\n<meta name=\"description\" content=\"Dispensador de l\u00edquidos autoclav\u00e1vel, BOECO s\u00e9rie GP, com volume ajust\u00e1vel de 5 a 50 ml, ideal para precis\u00e3o em laborat\u00f3rios, modelo BOE 9905050.\" \/>\n<meta name=\"robots\" content=\"index, follow, max-snippet:-1, max-image-preview:large, max-video-preview:-1\" \/>\n<link rel=\"canonical\" href=\"https:\/\/www.bioequimica.com.br\/site\/produto\/dispensador-dosador-de-liquidos-autoclavavel-de-5-a-500ml-serie-gp-boeco\/\" \/>\n<meta property=\"og:locale\" content=\"pt_BR\" \/>\n<meta property=\"og:type\" content=\"article\" \/>\n<meta property=\"og:title\" content=\"DISPENSADOR DE L\u00cdQUIDOS 5 A 50,0ML - BOECO - Bio e Qu\u00edmica\" \/>\n<meta property=\"og:description\" content=\"Dispensador de l\u00edquidos autoclav\u00e1vel, BOECO s\u00e9rie GP, com volume ajust\u00e1vel de 5 a 50 ml, ideal para precis\u00e3o em laborat\u00f3rios, modelo BOE 9905050.\" \/>\n<meta property=\"og:url\" content=\"https:\/\/www.bioequimica.com.br\/site\/produto\/dispensador-dosador-de-liquidos-autoclavavel-de-5-a-500ml-serie-gp-boeco\/\" \/>\n<meta property=\"og:site_name\" content=\"Bio e Qu\u00edmica\" \/>\n<meta property=\"article:modified_time\" content=\"2024-08-26T16:43:04+00:00\" \/>\n<meta property=\"og:image\" content=\"https:\/\/www.bioequimica.com.br\/site\/wp-content\/uploads\/2022\/07\/BOE-9900110.jpg\" \/>\n\t<meta property=\"og:image:width\" content=\"800\" \/>\n\t<meta property=\"og:image:height\" content=\"800\" \/>\n\t<meta property=\"og:image:type\" content=\"image\/jpeg\" \/>\n<meta name=\"twitter:card\" content=\"summary_large_image\" \/>\n<meta name=\"twitter:label1\" content=\"Est. tempo de leitura\" \/>\n\t<meta name=\"twitter:data1\" content=\"2 minutos\" \/>\n<script type=\"application\/ld+json\" class=\"yoast-schema-graph\">{\"@context\":\"https:\/\/schema.org\",\"@graph\":[{\"@type\":\"WebPage\",\"@id\":\"https:\/\/www.bioequimica.com.br\/site\/produto\/dispensador-dosador-de-liquidos-autoclavavel-de-5-a-500ml-serie-gp-boeco\/\",\"url\":\"https:\/\/www.bioequimica.com.br\/site\/produto\/dispensador-dosador-de-liquidos-autoclavavel-de-5-a-500ml-serie-gp-boeco\/\",\"name\":\"DISPENSADOR DE L\u00cdQUIDOS 5 A 50,0ML - BOECO - Bio e Qu\u00edmica\",\"isPartOf\":{\"@id\":\"https:\/\/www.bioequimica.com.br\/site\/#website\"},\"primaryImageOfPage\":{\"@id\":\"https:\/\/www.bioequimica.com.br\/site\/produto\/dispensador-dosador-de-liquidos-autoclavavel-de-5-a-500ml-serie-gp-boeco\/#primaryimage\"},\"image\":{\"@id\":\"https:\/\/www.bioequimica.com.br\/site\/produto\/dispensador-dosador-de-liquidos-autoclavavel-de-5-a-500ml-serie-gp-boeco\/#primaryimage\"},\"thumbnailUrl\":\"https:\/\/www.bioequimica.com.br\/site\/wp-content\/uploads\/2022\/07\/BOE-9900110.jpg\",\"datePublished\":\"2022-07-27T12:49:10+00:00\",\"dateModified\":\"2024-08-26T16:43:04+00:00\",\"description\":\"Dispensador de l\u00edquidos autoclav\u00e1vel, BOECO s\u00e9rie GP, com volume ajust\u00e1vel de 5 a 50 ml, ideal para precis\u00e3o em laborat\u00f3rios, modelo BOE 9905050.\",\"breadcrumb\":{\"@id\":\"https:\/\/www.bioequimica.com.br\/site\/produto\/dispensador-dosador-de-liquidos-autoclavavel-de-5-a-500ml-serie-gp-boeco\/#breadcrumb\"},\"inLanguage\":\"pt-BR\",\"potentialAction\":[{\"@type\":\"ReadAction\",\"target\":[\"https:\/\/www.bioequimica.com.br\/site\/produto\/dispensador-dosador-de-liquidos-autoclavavel-de-5-a-500ml-serie-gp-boeco\/\"]}]},{\"@type\":\"ImageObject\",\"inLanguage\":\"pt-BR\",\"@id\":\"https:\/\/www.bioequimica.com.br\/site\/produto\/dispensador-dosador-de-liquidos-autoclavavel-de-5-a-500ml-serie-gp-boeco\/#primaryimage\",\"url\":\"https:\/\/www.bioequimica.com.br\/site\/wp-content\/uploads\/2022\/07\/BOE-9900110.jpg\",\"contentUrl\":\"https:\/\/www.bioequimica.com.br\/site\/wp-content\/uploads\/2022\/07\/BOE-9900110.jpg\",\"width\":800,\"height\":800},{\"@type\":\"BreadcrumbList\",\"@id\":\"https:\/\/www.bioequimica.com.br\/site\/produto\/dispensador-dosador-de-liquidos-autoclavavel-de-5-a-500ml-serie-gp-boeco\/#breadcrumb\",\"itemListElement\":[{\"@type\":\"ListItem\",\"position\":1,\"name\":\"In\u00edcio\",\"item\":\"https:\/\/www.bioequimica.com.br\/site\/\"},{\"@type\":\"ListItem\",\"position\":2,\"name\":\"Shop\",\"item\":\"https:\/\/www.bioequimica.com.br\/site\/shop\/\"},{\"@type\":\"ListItem\",\"position\":3,\"name\":\"DISPENSADOR DOSADOR DE LIQUIDO AUTOCLAVAVEL DE 5 A 50,0ML &#8211; SERIE GP &#8211; BOECO\"}]},{\"@type\":\"WebSite\",\"@id\":\"https:\/\/www.bioequimica.com.br\/site\/#website\",\"url\":\"https:\/\/www.bioequimica.com.br\/site\/\",\"name\":\"Bio e Qu\u00edmica\",\"description\":\"Revenda Autorizada Shimadzu, Nasco,Boeco\",\"publisher\":{\"@id\":\"https:\/\/www.bioequimica.com.br\/site\/#organization\"},\"potentialAction\":[{\"@type\":\"SearchAction\",\"target\":{\"@type\":\"EntryPoint\",\"urlTemplate\":\"https:\/\/www.bioequimica.com.br\/site\/?s={search_term_string}\"},\"query-input\":{\"@type\":\"PropertyValueSpecification\",\"valueRequired\":true,\"valueName\":\"search_term_string\"}}],\"inLanguage\":\"pt-BR\"},{\"@type\":\"Organization\",\"@id\":\"https:\/\/www.bioequimica.com.br\/site\/#organization\",\"name\":\"BioeQuimica Com\u00e9rcio de Produtos para Laborat\u00f3rio Ltda\",\"url\":\"https:\/\/www.bioequimica.com.br\/site\/\",\"logo\":{\"@type\":\"ImageObject\",\"inLanguage\":\"pt-BR\",\"@id\":\"https:\/\/www.bioequimica.com.br\/site\/#\/schema\/logo\/image\/\",\"url\":\"https:\/\/www.bioequimica.com.br\/site\/wp-content\/uploads\/2019\/10\/bioequimica.svg\",\"contentUrl\":\"https:\/\/www.bioequimica.com.br\/site\/wp-content\/uploads\/2019\/10\/bioequimica.svg\",\"width\":500,\"height\":143,\"caption\":\"BioeQuimica Com\u00e9rcio de Produtos para Laborat\u00f3rio Ltda\"},\"image\":{\"@id\":\"https:\/\/www.bioequimica.com.br\/site\/#\/schema\/logo\/image\/\"}}]}<\/script>\n<!-- \/ Yoast SEO plugin. -->","yoast_head_json":{"title":"DISPENSADOR DE L\u00cdQUIDOS 5 A 50,0ML - BOECO - Bio e Qu\u00edmica","description":"Dispensador de l\u00edquidos autoclav\u00e1vel, BOECO s\u00e9rie GP, com volume ajust\u00e1vel de 5 a 50 ml, ideal para precis\u00e3o em laborat\u00f3rios, modelo BOE 9905050.","robots":{"index":"index","follow":"follow","max-snippet":"max-snippet:-1","max-image-preview":"max-image-preview:large","max-video-preview":"max-video-preview:-1"},"canonical":"https:\/\/www.bioequimica.com.br\/site\/produto\/dispensador-dosador-de-liquidos-autoclavavel-de-5-a-500ml-serie-gp-boeco\/","og_locale":"pt_BR","og_type":"article","og_title":"DISPENSADOR DE L\u00cdQUIDOS 5 A 50,0ML - BOECO - Bio e Qu\u00edmica","og_description":"Dispensador de l\u00edquidos autoclav\u00e1vel, BOECO s\u00e9rie GP, com volume ajust\u00e1vel de 5 a 50 ml, ideal para precis\u00e3o em laborat\u00f3rios, modelo BOE 9905050.","og_url":"https:\/\/www.bioequimica.com.br\/site\/produto\/dispensador-dosador-de-liquidos-autoclavavel-de-5-a-500ml-serie-gp-boeco\/","og_site_name":"Bio e Qu\u00edmica","article_modified_time":"2024-08-26T16:43:04+00:00","og_image":[{"width":800,"height":800,"url":"https:\/\/www.bioequimica.com.br\/site\/wp-content\/uploads\/2022\/07\/BOE-9900110.jpg","type":"image\/jpeg"}],"twitter_card":"summary_large_image","twitter_misc":{"Est. tempo de leitura":"2 minutos"},"schema":{"@context":"https:\/\/schema.org","@graph":[{"@type":"WebPage","@id":"https:\/\/www.bioequimica.com.br\/site\/produto\/dispensador-dosador-de-liquidos-autoclavavel-de-5-a-500ml-serie-gp-boeco\/","url":"https:\/\/www.bioequimica.com.br\/site\/produto\/dispensador-dosador-de-liquidos-autoclavavel-de-5-a-500ml-serie-gp-boeco\/","name":"DISPENSADOR DE L\u00cdQUIDOS 5 A 50,0ML - BOECO - Bio e Qu\u00edmica","isPartOf":{"@id":"https:\/\/www.bioequimica.com.br\/site\/#website"},"primaryImageOfPage":{"@id":"https:\/\/www.bioequimica.com.br\/site\/produto\/dispensador-dosador-de-liquidos-autoclavavel-de-5-a-500ml-serie-gp-boeco\/#primaryimage"},"image":{"@id":"https:\/\/www.bioequimica.com.br\/site\/produto\/dispensador-dosador-de-liquidos-autoclavavel-de-5-a-500ml-serie-gp-boeco\/#primaryimage"},"thumbnailUrl":"https:\/\/www.bioequimica.com.br\/site\/wp-content\/uploads\/2022\/07\/BOE-9900110.jpg","datePublished":"2022-07-27T12:49:10+00:00","dateModified":"2024-08-26T16:43:04+00:00","description":"Dispensador de l\u00edquidos autoclav\u00e1vel, BOECO s\u00e9rie GP, com volume ajust\u00e1vel de 5 a 50 ml, ideal para precis\u00e3o em laborat\u00f3rios, modelo BOE 9905050.","breadcrumb":{"@id":"https:\/\/www.bioequimica.com.br\/site\/produto\/dispensador-dosador-de-liquidos-autoclavavel-de-5-a-500ml-serie-gp-boeco\/#breadcrumb"},"inLanguage":"pt-BR","potentialAction":[{"@type":"ReadAction","target":["https:\/\/www.bioequimica.com.br\/site\/produto\/dispensador-dosador-de-liquidos-autoclavavel-de-5-a-500ml-serie-gp-boeco\/"]}]},{"@type":"ImageObject","inLanguage":"pt-BR","@id":"https:\/\/www.bioequimica.com.br\/site\/produto\/dispensador-dosador-de-liquidos-autoclavavel-de-5-a-500ml-serie-gp-boeco\/#primaryimage","url":"https:\/\/www.bioequimica.com.br\/site\/wp-content\/uploads\/2022\/07\/BOE-9900110.jpg","contentUrl":"https:\/\/www.bioequimica.com.br\/site\/wp-content\/uploads\/2022\/07\/BOE-9900110.jpg","width":800,"height":800},{"@type":"BreadcrumbList","@id":"https:\/\/www.bioequimica.com.br\/site\/produto\/dispensador-dosador-de-liquidos-autoclavavel-de-5-a-500ml-serie-gp-boeco\/#breadcrumb","itemListElement":[{"@type":"ListItem","position":1,"name":"In\u00edcio","item":"https:\/\/www.bioequimica.com.br\/site\/"},{"@type":"ListItem","position":2,"name":"Shop","item":"https:\/\/www.bioequimica.com.br\/site\/shop\/"},{"@type":"ListItem","position":3,"name":"DISPENSADOR DOSADOR DE LIQUIDO AUTOCLAVAVEL DE 5 A 50,0ML &#8211; SERIE GP &#8211; BOECO"}]},{"@type":"WebSite","@id":"https:\/\/www.bioequimica.com.br\/site\/#website","url":"https:\/\/www.bioequimica.com.br\/site\/","name":"Bio e Qu\u00edmica","description":"Revenda Autorizada Shimadzu, Nasco,Boeco","publisher":{"@id":"https:\/\/www.bioequimica.com.br\/site\/#organization"},"potentialAction":[{"@type":"SearchAction","target":{"@type":"EntryPoint","urlTemplate":"https:\/\/www.bioequimica.com.br\/site\/?s={search_term_string}"},"query-input":{"@type":"PropertyValueSpecification","valueRequired":true,"valueName":"search_term_string"}}],"inLanguage":"pt-BR"},{"@type":"Organization","@id":"https:\/\/www.bioequimica.com.br\/site\/#organization","name":"BioeQuimica Com\u00e9rcio de Produtos para Laborat\u00f3rio Ltda","url":"https:\/\/www.bioequimica.com.br\/site\/","logo":{"@type":"ImageObject","inLanguage":"pt-BR","@id":"https:\/\/www.bioequimica.com.br\/site\/#\/schema\/logo\/image\/","url":"https:\/\/www.bioequimica.com.br\/site\/wp-content\/uploads\/2019\/10\/bioequimica.svg","contentUrl":"https:\/\/www.bioequimica.com.br\/site\/wp-content\/uploads\/2019\/10\/bioequimica.svg","width":500,"height":143,"caption":"BioeQuimica Com\u00e9rcio de Produtos para Laborat\u00f3rio Ltda"},"image":{"@id":"https:\/\/www.bioequimica.com.br\/site\/#\/schema\/logo\/image\/"}}]}},"_links":{"self":[{"href":"https:\/\/www.bioequimica.com.br\/site\/wp-json\/wp\/v2\/product\/2898"}],"collection":[{"href":"https:\/\/www.bioequimica.com.br\/site\/wp-json\/wp\/v2\/product"}],"about":[{"href":"https:\/\/www.bioequimica.com.br\/site\/wp-json\/wp\/v2\/types\/product"}],"replies":[{"embeddable":true,"href":"https:\/\/www.bioequimica.com.br\/site\/wp-json\/wp\/v2\/comments?post=2898"}],"wp:featuredmedia":[{"embeddable":true,"href":"https:\/\/www.bioequimica.com.br\/site\/wp-json\/wp\/v2\/media\/2896"}],"wp:attachment":[{"href":"https:\/\/www.bioequimica.com.br\/site\/wp-json\/wp\/v2\/media?parent=2898"}],"wp:term":[{"taxonomy":"product_brand","embeddable":true,"href":"https:\/\/www.bioequimica.com.br\/site\/wp-json\/wp\/v2\/product_brand?post=2898"},{"taxonomy":"product_cat","embeddable":true,"href":"https:\/\/www.bioequimica.com.br\/site\/wp-json\/wp\/v2\/product_cat?post=2898"},{"taxonomy":"product_tag","embeddable":true,"href":"https:\/\/www.bioequimica.com.br\/site\/wp-json\/wp\/v2\/product_tag?post=2898"}],"curies":[{"name":"wp","href":"https:\/\/api.w.org\/{rel}","templated":true}]}}