{"id":2907,"date":"2022-07-27T14:02:21","date_gmt":"2022-07-27T17:02:21","guid":{"rendered":"https:\/\/www.bioequimica.com.br\/site\/?post_type=product&#038;p=2907"},"modified":"2024-08-26T15:18:57","modified_gmt":"2024-08-26T18:18:57","slug":"pipetador-manual-tipo-seringa-de-005ml-a-500ml-serie-pro-boeco","status":"publish","type":"product","link":"https:\/\/www.bioequimica.com.br\/site\/produto\/pipetador-manual-tipo-seringa-de-005ml-a-500ml-serie-pro-boeco\/","title":{"rendered":"PIPETADOR MANUAL TIPO SERINGA DE 0,05ML A 50,0ML SERIE PRO &#8211; BOECO"},"content":{"rendered":"<div>\n<p><strong>Pipetador Manual Tipo Seringa S\u00e9rie Pro &#8211; BOECO<\/strong><\/p>\n<p>A Pipetador Manual BOECO \u00e9 uma pipeta de pist\u00e3o que oferece f\u00e1cil manuseio e permite a dosagem r\u00e1pida e repetida de volumes predefinidos. Com 12 tamanhos de ponta e 10 ajustes de volume, este dispositivo destaca-se pela sua versatilidade. Al\u00e9m disso, possui 120 etapas de programa, o que permite uma personaliza\u00e7\u00e3o precisa para atender \u00e0s suas necessidades de pipetagem.<\/p>\n<p>Os ajustes de volume e os volumes de dosagem para diferentes pontas s\u00e3o claramente exibidos em um painel de controle. Dessa forma, voc\u00ea pode visualizar facilmente as configura\u00e7\u00f5es e ajustar rapidamente de acordo com a sua necessidade.<\/p>\n<h4><strong>Pr\u00e1tico<\/strong><\/h4>\n<p>O design ergon\u00f4mico torna a pipeta confort\u00e1vel e f\u00e1cil de usar. O bot\u00e3o de dosagem, que \u00e9 f\u00e1cil de mover, e o baixo peso permitem que voc\u00ea realize longas s\u00e9ries de dosagem de forma conveniente. Portanto, a pipeta proporciona uma experi\u00eancia de uso eficiente e confort\u00e1vel.<\/p>\n<h4><strong>Compat\u00edvel<\/strong><\/h4>\n<p>Al\u00e9m de ser compat\u00edvel com as pontas Multitips da BOECO, o Pipetador Manual BOECO tamb\u00e9m funciona com PD-tips da marca e com Combitips e Combitips Plus da Eppendorf. Isso garante flexibilidade e ampla compatibilidade com diferentes tipos de pontas.<\/p>\n<h4><strong>Independente<\/strong><\/h4>\n<p>Al\u00e9m de seu design pr\u00e1tico, o Pipetador foi projetado para ser mec\u00e2nicamente consistente e n\u00e3o requer manuten\u00e7\u00e3o adicional. Dessa forma, o dispositivo opera sem a necessidade de fontes de alimenta\u00e7\u00e3o ou baterias, garantindo um uso aut\u00f4nomo e eficiente.<\/p>\n<h4><strong>Tabela de Dosagem<\/strong><\/h4>\n<p>Para facilitar a escolha da ponta mais adequada para sua aplica\u00e7\u00e3o, a tabela de dosagem abaixo mostra todas as op\u00e7\u00f5es de dosagem rapidamente. Assim, voc\u00ea pode selecionar a ponta ideal de acordo com suas necessidades espec\u00edficas.<\/p>\n<\/div>\n<div><\/div>\n<div><\/div>\n<table>\n<tbody>\n<tr class=\"Kopfzeile\">\n<td class=\"Left\">N\u00famero do programa<\/td>\n<td class=\"Left\"><\/td>\n<td class=\"Left\"><\/td>\n<td class=\"Left\"><\/td>\n<td class=\"Left\"><\/td>\n<td class=\"Left\"><\/td>\n<td class=\"Left\"><\/td>\n<td class=\"Left\"><\/td>\n<td class=\"Left\"><\/td>\n<td class=\"Left\"><\/td>\n<td class=\"Left\"><\/td>\n<\/tr>\n<tr>\n<td style=\"text-align: right;\">Tamanho da ponta<\/td>\n<td class=\"Right\">1<\/td>\n<td class=\"Right\">2<\/td>\n<td class=\"Right\">3<\/td>\n<td class=\"Right\">4<\/td>\n<td class=\"Right\">5<\/td>\n<td class=\"Right\">6<\/td>\n<td class=\"Right\">7<\/td>\n<td class=\"Right\">8<\/td>\n<td class=\"Right\">9<\/td>\n<td class=\"Right\">10<\/td>\n<\/tr>\n<tr>\n<td style=\"text-align: right;\">0,05 ml<\/td>\n<td class=\"Right\">1<\/td>\n<td class=\"Right\">1,5<\/td>\n<td class=\"Right\">2<\/td>\n<td class=\"Right\">2,5<\/td>\n<td class=\"Right\">3<\/td>\n<td class=\"Right\">3,5<\/td>\n<td class=\"Right\">4<\/td>\n<td class=\"Right\">4,5<\/td>\n<td class=\"Right\">5<\/td>\n<td class=\"Right\">5,5<\/td>\n<\/tr>\n<tr>\n<td style=\"text-align: right;\">0,10 ml<\/td>\n<td class=\"Right\">2<\/td>\n<td class=\"Right\">3<\/td>\n<td class=\"Right\">4<\/td>\n<td class=\"Right\">5<\/td>\n<td class=\"Right\">6<\/td>\n<td class=\"Right\">7<\/td>\n<td class=\"Right\">8<\/td>\n<td class=\"Right\">9<\/td>\n<td class=\"Right\">10<\/td>\n<td class=\"Right\">11<\/td>\n<\/tr>\n<tr>\n<td style=\"text-align: right;\">0,20 ml<\/td>\n<td class=\"Right\">4<\/td>\n<td class=\"Right\">6<\/td>\n<td class=\"Right\">8<\/td>\n<td class=\"Right\">10<\/td>\n<td class=\"Right\">12<\/td>\n<td class=\"Right\">14<\/td>\n<td class=\"Right\">16<\/td>\n<td class=\"Right\">18<\/td>\n<td class=\"Right\">20<\/td>\n<td class=\"Right\">22<\/td>\n<\/tr>\n<tr>\n<td style=\"text-align: right;\">0,50 ml<\/td>\n<td class=\"Right\">10<\/td>\n<td class=\"Right\">15<\/td>\n<td class=\"Right\">20<\/td>\n<td class=\"Right\">25<\/td>\n<td class=\"Right\">30<\/td>\n<td class=\"Right\">35<\/td>\n<td class=\"Right\">40<\/td>\n<td class=\"Right\">45<\/td>\n<td class=\"Right\">50<\/td>\n<td class=\"Right\">55<\/td>\n<\/tr>\n<tr>\n<td style=\"text-align: right;\">1,00 ml<\/td>\n<td class=\"Right\">20<\/td>\n<td class=\"Right\">30<\/td>\n<td class=\"Right\">40<\/td>\n<td class=\"Right\">50<\/td>\n<td class=\"Right\">60<\/td>\n<td class=\"Right\">70<\/td>\n<td class=\"Right\">80<\/td>\n<td class=\"Right\">90<\/td>\n<td class=\"Right\">100<\/td>\n<td class=\"Right\">110<\/td>\n<\/tr>\n<tr>\n<td style=\"text-align: right;\">1,25 ml<\/td>\n<td class=\"Right\">25<\/td>\n<td class=\"Right\">37,5<\/td>\n<td class=\"Right\">50<\/td>\n<td class=\"Right\">62,5<\/td>\n<td class=\"Right\">75<\/td>\n<td class=\"Right\">87,5<\/td>\n<td class=\"Right\">100<\/td>\n<td class=\"Right\">112,5<\/td>\n<td class=\"Right\">125<\/td>\n<td class=\"Right\">137,5<\/td>\n<\/tr>\n<tr>\n<td style=\"text-align: right;\">2,50 ml<\/td>\n<td class=\"Right\">50<\/td>\n<td class=\"Right\">75<\/td>\n<td class=\"Right\">100<\/td>\n<td class=\"Right\">125<\/td>\n<td class=\"Right\">150<\/td>\n<td class=\"Right\">175<\/td>\n<td class=\"Right\">200<\/td>\n<td class=\"Right\">225<\/td>\n<td class=\"Right\">250<\/td>\n<td class=\"Right\">275<\/td>\n<\/tr>\n<tr>\n<td style=\"text-align: right;\">5,00 ml<\/td>\n<td class=\"Right\">100<\/td>\n<td class=\"Right\">150<\/td>\n<td class=\"Right\">200<\/td>\n<td class=\"Right\">250<\/td>\n<td class=\"Right\">300<\/td>\n<td class=\"Right\">350<\/td>\n<td class=\"Right\">400<\/td>\n<td class=\"Right\">450<\/td>\n<td class=\"Right\">500<\/td>\n<td class=\"Right\">550<\/td>\n<\/tr>\n<tr>\n<td style=\"text-align: right;\">10,00 ml<\/td>\n<td class=\"Right\">200<\/td>\n<td class=\"Right\">300<\/td>\n<td class=\"Right\">400<\/td>\n<td class=\"Right\">500<\/td>\n<td class=\"Right\">600<\/td>\n<td class=\"Right\">700<\/td>\n<td class=\"Right\">800<\/td>\n<td class=\"Right\">900<\/td>\n<td class=\"Right\">1000<\/td>\n<td class=\"Right\">1100<\/td>\n<\/tr>\n<tr>\n<td style=\"text-align: right;\">12.50 ml<\/td>\n<td class=\"Right\">250<\/td>\n<td class=\"Right\">375<\/td>\n<td class=\"Right\">500<\/td>\n<td class=\"Right\">625<\/td>\n<td class=\"Right\">750<\/td>\n<td class=\"Right\">875<\/td>\n<td class=\"Right\">1000<\/td>\n<td class=\"Right\">1125<\/td>\n<td class=\"Right\">1250<\/td>\n<td class=\"Right\">1375<\/td>\n<\/tr>\n<tr>\n<td style=\"text-align: right;\">25.00 ml<\/td>\n<td class=\"Right\">500<\/td>\n<td class=\"Right\">750<\/td>\n<td class=\"Right\">1000<\/td>\n<td class=\"Right\">1250<\/td>\n<td class=\"Right\">1500<\/td>\n<td class=\"Right\">1750<\/td>\n<td class=\"Right\">2000<\/td>\n<td class=\"Right\">2250<\/td>\n<td class=\"Right\">2500<\/td>\n<td class=\"Right\">2750<\/td>\n<\/tr>\n<tr>\n<td style=\"text-align: right;\">50.00 ml<\/td>\n<td class=\"Right\">1000<\/td>\n<td class=\"Right\">1500<\/td>\n<td class=\"Right\">2000<\/td>\n<td class=\"Right\">2500<\/td>\n<td class=\"Right\">3000<\/td>\n<td class=\"Right\">3500<\/td>\n<td class=\"Right\">4000<\/td>\n<td class=\"Right\">4500<\/td>\n<td class=\"Right\">5000<\/td>\n<td class=\"Right\">5500<\/td>\n<\/tr>\n<tr>\n<td>Passos<\/td>\n<td class=\"Right\">48<\/td>\n<td class=\"Right\">35<\/td>\n<td class=\"Right\">23<\/td>\n<td class=\"Right\">19<\/td>\n<td class=\"Right\">15<\/td>\n<td class=\"Right\">13<\/td>\n<td class=\"Right\">11<\/td>\n<td class=\"Right\">9<\/td>\n<td class=\"Right\">8<\/td>\n<td class=\"Right\">7<\/td>\n<\/tr>\n<\/tbody>\n<\/table>\n<p>&nbsp;<\/p>\n","protected":false},"excerpt":{"rendered":"<p>Marca: Boeco<br \/>\nModelo: BOE 9542023<br \/>\nTipo: Pipetador manual tipo seringa de 0,05ml a 50,0ml serie PRO<\/p>\n","protected":false},"featured_media":2908,"comment_status":"open","ping_status":"closed","template":"","meta":{"_monsterinsights_skip_tracking":false,"_monsterinsights_sitenote_active":false,"_monsterinsights_sitenote_note":"","_monsterinsights_sitenote_category":0},"product_brand":[],"product_cat":[112],"product_tag":[],"class_list":{"0":"post-2907","1":"product","2":"type-product","3":"status-publish","4":"has-post-thumbnail","6":"product_cat-boeco","8":"first","9":"instock","10":"shipping-taxable","11":"product-type-simple"},"yoast_head":"<!-- This site is optimized with the Yoast SEO plugin v25.5 - https:\/\/yoast.com\/wordpress\/plugins\/seo\/ -->\n<title>PIPETADOR MANUAL TIPO SERINGA DE 5ML A 50ML - BOECO - Bio e Qu\u00edmica<\/title>\n<meta name=\"description\" content=\"Pipetador manual tipo seringa da s\u00e9rie PRO BOECO, com capacidade de 0,05 ml a 50,0 ml. Oferece precis\u00e3o e versatilidade para aplica\u00e7\u00f5es laboratoriais.\" \/>\n<meta name=\"robots\" content=\"index, follow, max-snippet:-1, max-image-preview:large, max-video-preview:-1\" \/>\n<link rel=\"canonical\" href=\"https:\/\/www.bioequimica.com.br\/site\/produto\/pipetador-manual-tipo-seringa-de-005ml-a-500ml-serie-pro-boeco\/\" \/>\n<meta property=\"og:locale\" content=\"pt_BR\" \/>\n<meta property=\"og:type\" content=\"article\" \/>\n<meta property=\"og:title\" content=\"PIPETADOR MANUAL TIPO SERINGA DE 5ML A 50ML - BOECO - Bio e Qu\u00edmica\" \/>\n<meta property=\"og:description\" content=\"Pipetador manual tipo seringa da s\u00e9rie PRO BOECO, com capacidade de 0,05 ml a 50,0 ml. Oferece precis\u00e3o e versatilidade para aplica\u00e7\u00f5es laboratoriais.\" \/>\n<meta property=\"og:url\" content=\"https:\/\/www.bioequimica.com.br\/site\/produto\/pipetador-manual-tipo-seringa-de-005ml-a-500ml-serie-pro-boeco\/\" \/>\n<meta property=\"og:site_name\" content=\"Bio e Qu\u00edmica\" \/>\n<meta property=\"article:modified_time\" content=\"2024-08-26T18:18:57+00:00\" \/>\n<meta property=\"og:image\" content=\"https:\/\/www.bioequimica.com.br\/site\/wp-content\/uploads\/2022\/07\/BOE-9542023.jpg\" \/>\n\t<meta property=\"og:image:width\" content=\"800\" \/>\n\t<meta property=\"og:image:height\" content=\"800\" \/>\n\t<meta property=\"og:image:type\" content=\"image\/jpeg\" \/>\n<meta name=\"twitter:card\" content=\"summary_large_image\" \/>\n<meta name=\"twitter:label1\" content=\"Est. tempo de leitura\" \/>\n\t<meta name=\"twitter:data1\" content=\"3 minutos\" \/>\n<script type=\"application\/ld+json\" class=\"yoast-schema-graph\">{\"@context\":\"https:\/\/schema.org\",\"@graph\":[{\"@type\":\"WebPage\",\"@id\":\"https:\/\/www.bioequimica.com.br\/site\/produto\/pipetador-manual-tipo-seringa-de-005ml-a-500ml-serie-pro-boeco\/\",\"url\":\"https:\/\/www.bioequimica.com.br\/site\/produto\/pipetador-manual-tipo-seringa-de-005ml-a-500ml-serie-pro-boeco\/\",\"name\":\"PIPETADOR MANUAL TIPO SERINGA DE 5ML A 50ML - BOECO - Bio e Qu\u00edmica\",\"isPartOf\":{\"@id\":\"https:\/\/www.bioequimica.com.br\/site\/#website\"},\"primaryImageOfPage\":{\"@id\":\"https:\/\/www.bioequimica.com.br\/site\/produto\/pipetador-manual-tipo-seringa-de-005ml-a-500ml-serie-pro-boeco\/#primaryimage\"},\"image\":{\"@id\":\"https:\/\/www.bioequimica.com.br\/site\/produto\/pipetador-manual-tipo-seringa-de-005ml-a-500ml-serie-pro-boeco\/#primaryimage\"},\"thumbnailUrl\":\"https:\/\/www.bioequimica.com.br\/site\/wp-content\/uploads\/2022\/07\/BOE-9542023.jpg\",\"datePublished\":\"2022-07-27T17:02:21+00:00\",\"dateModified\":\"2024-08-26T18:18:57+00:00\",\"description\":\"Pipetador manual tipo seringa da s\u00e9rie PRO BOECO, com capacidade de 0,05 ml a 50,0 ml. Oferece precis\u00e3o e versatilidade para aplica\u00e7\u00f5es laboratoriais.\",\"breadcrumb\":{\"@id\":\"https:\/\/www.bioequimica.com.br\/site\/produto\/pipetador-manual-tipo-seringa-de-005ml-a-500ml-serie-pro-boeco\/#breadcrumb\"},\"inLanguage\":\"pt-BR\",\"potentialAction\":[{\"@type\":\"ReadAction\",\"target\":[\"https:\/\/www.bioequimica.com.br\/site\/produto\/pipetador-manual-tipo-seringa-de-005ml-a-500ml-serie-pro-boeco\/\"]}]},{\"@type\":\"ImageObject\",\"inLanguage\":\"pt-BR\",\"@id\":\"https:\/\/www.bioequimica.com.br\/site\/produto\/pipetador-manual-tipo-seringa-de-005ml-a-500ml-serie-pro-boeco\/#primaryimage\",\"url\":\"https:\/\/www.bioequimica.com.br\/site\/wp-content\/uploads\/2022\/07\/BOE-9542023.jpg\",\"contentUrl\":\"https:\/\/www.bioequimica.com.br\/site\/wp-content\/uploads\/2022\/07\/BOE-9542023.jpg\",\"width\":800,\"height\":800},{\"@type\":\"BreadcrumbList\",\"@id\":\"https:\/\/www.bioequimica.com.br\/site\/produto\/pipetador-manual-tipo-seringa-de-005ml-a-500ml-serie-pro-boeco\/#breadcrumb\",\"itemListElement\":[{\"@type\":\"ListItem\",\"position\":1,\"name\":\"In\u00edcio\",\"item\":\"https:\/\/www.bioequimica.com.br\/site\/\"},{\"@type\":\"ListItem\",\"position\":2,\"name\":\"Shop\",\"item\":\"https:\/\/www.bioequimica.com.br\/site\/shop\/\"},{\"@type\":\"ListItem\",\"position\":3,\"name\":\"PIPETADOR MANUAL TIPO SERINGA DE 0,05ML A 50,0ML SERIE PRO &#8211; BOECO\"}]},{\"@type\":\"WebSite\",\"@id\":\"https:\/\/www.bioequimica.com.br\/site\/#website\",\"url\":\"https:\/\/www.bioequimica.com.br\/site\/\",\"name\":\"Bio e Qu\u00edmica\",\"description\":\"Revenda Autorizada Shimadzu, Nasco,Boeco\",\"publisher\":{\"@id\":\"https:\/\/www.bioequimica.com.br\/site\/#organization\"},\"potentialAction\":[{\"@type\":\"SearchAction\",\"target\":{\"@type\":\"EntryPoint\",\"urlTemplate\":\"https:\/\/www.bioequimica.com.br\/site\/?s={search_term_string}\"},\"query-input\":{\"@type\":\"PropertyValueSpecification\",\"valueRequired\":true,\"valueName\":\"search_term_string\"}}],\"inLanguage\":\"pt-BR\"},{\"@type\":\"Organization\",\"@id\":\"https:\/\/www.bioequimica.com.br\/site\/#organization\",\"name\":\"BioeQuimica Com\u00e9rcio de Produtos para Laborat\u00f3rio Ltda\",\"url\":\"https:\/\/www.bioequimica.com.br\/site\/\",\"logo\":{\"@type\":\"ImageObject\",\"inLanguage\":\"pt-BR\",\"@id\":\"https:\/\/www.bioequimica.com.br\/site\/#\/schema\/logo\/image\/\",\"url\":\"https:\/\/www.bioequimica.com.br\/site\/wp-content\/uploads\/2019\/10\/bioequimica.svg\",\"contentUrl\":\"https:\/\/www.bioequimica.com.br\/site\/wp-content\/uploads\/2019\/10\/bioequimica.svg\",\"width\":500,\"height\":143,\"caption\":\"BioeQuimica Com\u00e9rcio de Produtos para Laborat\u00f3rio Ltda\"},\"image\":{\"@id\":\"https:\/\/www.bioequimica.com.br\/site\/#\/schema\/logo\/image\/\"}}]}<\/script>\n<!-- \/ Yoast SEO plugin. -->","yoast_head_json":{"title":"PIPETADOR MANUAL TIPO SERINGA DE 5ML A 50ML - BOECO - Bio e Qu\u00edmica","description":"Pipetador manual tipo seringa da s\u00e9rie PRO BOECO, com capacidade de 0,05 ml a 50,0 ml. Oferece precis\u00e3o e versatilidade para aplica\u00e7\u00f5es laboratoriais.","robots":{"index":"index","follow":"follow","max-snippet":"max-snippet:-1","max-image-preview":"max-image-preview:large","max-video-preview":"max-video-preview:-1"},"canonical":"https:\/\/www.bioequimica.com.br\/site\/produto\/pipetador-manual-tipo-seringa-de-005ml-a-500ml-serie-pro-boeco\/","og_locale":"pt_BR","og_type":"article","og_title":"PIPETADOR MANUAL TIPO SERINGA DE 5ML A 50ML - BOECO - Bio e Qu\u00edmica","og_description":"Pipetador manual tipo seringa da s\u00e9rie PRO BOECO, com capacidade de 0,05 ml a 50,0 ml. Oferece precis\u00e3o e versatilidade para aplica\u00e7\u00f5es laboratoriais.","og_url":"https:\/\/www.bioequimica.com.br\/site\/produto\/pipetador-manual-tipo-seringa-de-005ml-a-500ml-serie-pro-boeco\/","og_site_name":"Bio e Qu\u00edmica","article_modified_time":"2024-08-26T18:18:57+00:00","og_image":[{"width":800,"height":800,"url":"https:\/\/www.bioequimica.com.br\/site\/wp-content\/uploads\/2022\/07\/BOE-9542023.jpg","type":"image\/jpeg"}],"twitter_card":"summary_large_image","twitter_misc":{"Est. tempo de leitura":"3 minutos"},"schema":{"@context":"https:\/\/schema.org","@graph":[{"@type":"WebPage","@id":"https:\/\/www.bioequimica.com.br\/site\/produto\/pipetador-manual-tipo-seringa-de-005ml-a-500ml-serie-pro-boeco\/","url":"https:\/\/www.bioequimica.com.br\/site\/produto\/pipetador-manual-tipo-seringa-de-005ml-a-500ml-serie-pro-boeco\/","name":"PIPETADOR MANUAL TIPO SERINGA DE 5ML A 50ML - BOECO - Bio e Qu\u00edmica","isPartOf":{"@id":"https:\/\/www.bioequimica.com.br\/site\/#website"},"primaryImageOfPage":{"@id":"https:\/\/www.bioequimica.com.br\/site\/produto\/pipetador-manual-tipo-seringa-de-005ml-a-500ml-serie-pro-boeco\/#primaryimage"},"image":{"@id":"https:\/\/www.bioequimica.com.br\/site\/produto\/pipetador-manual-tipo-seringa-de-005ml-a-500ml-serie-pro-boeco\/#primaryimage"},"thumbnailUrl":"https:\/\/www.bioequimica.com.br\/site\/wp-content\/uploads\/2022\/07\/BOE-9542023.jpg","datePublished":"2022-07-27T17:02:21+00:00","dateModified":"2024-08-26T18:18:57+00:00","description":"Pipetador manual tipo seringa da s\u00e9rie PRO BOECO, com capacidade de 0,05 ml a 50,0 ml. Oferece precis\u00e3o e versatilidade para aplica\u00e7\u00f5es laboratoriais.","breadcrumb":{"@id":"https:\/\/www.bioequimica.com.br\/site\/produto\/pipetador-manual-tipo-seringa-de-005ml-a-500ml-serie-pro-boeco\/#breadcrumb"},"inLanguage":"pt-BR","potentialAction":[{"@type":"ReadAction","target":["https:\/\/www.bioequimica.com.br\/site\/produto\/pipetador-manual-tipo-seringa-de-005ml-a-500ml-serie-pro-boeco\/"]}]},{"@type":"ImageObject","inLanguage":"pt-BR","@id":"https:\/\/www.bioequimica.com.br\/site\/produto\/pipetador-manual-tipo-seringa-de-005ml-a-500ml-serie-pro-boeco\/#primaryimage","url":"https:\/\/www.bioequimica.com.br\/site\/wp-content\/uploads\/2022\/07\/BOE-9542023.jpg","contentUrl":"https:\/\/www.bioequimica.com.br\/site\/wp-content\/uploads\/2022\/07\/BOE-9542023.jpg","width":800,"height":800},{"@type":"BreadcrumbList","@id":"https:\/\/www.bioequimica.com.br\/site\/produto\/pipetador-manual-tipo-seringa-de-005ml-a-500ml-serie-pro-boeco\/#breadcrumb","itemListElement":[{"@type":"ListItem","position":1,"name":"In\u00edcio","item":"https:\/\/www.bioequimica.com.br\/site\/"},{"@type":"ListItem","position":2,"name":"Shop","item":"https:\/\/www.bioequimica.com.br\/site\/shop\/"},{"@type":"ListItem","position":3,"name":"PIPETADOR MANUAL TIPO SERINGA DE 0,05ML A 50,0ML SERIE PRO &#8211; BOECO"}]},{"@type":"WebSite","@id":"https:\/\/www.bioequimica.com.br\/site\/#website","url":"https:\/\/www.bioequimica.com.br\/site\/","name":"Bio e Qu\u00edmica","description":"Revenda Autorizada Shimadzu, Nasco,Boeco","publisher":{"@id":"https:\/\/www.bioequimica.com.br\/site\/#organization"},"potentialAction":[{"@type":"SearchAction","target":{"@type":"EntryPoint","urlTemplate":"https:\/\/www.bioequimica.com.br\/site\/?s={search_term_string}"},"query-input":{"@type":"PropertyValueSpecification","valueRequired":true,"valueName":"search_term_string"}}],"inLanguage":"pt-BR"},{"@type":"Organization","@id":"https:\/\/www.bioequimica.com.br\/site\/#organization","name":"BioeQuimica Com\u00e9rcio de Produtos para Laborat\u00f3rio Ltda","url":"https:\/\/www.bioequimica.com.br\/site\/","logo":{"@type":"ImageObject","inLanguage":"pt-BR","@id":"https:\/\/www.bioequimica.com.br\/site\/#\/schema\/logo\/image\/","url":"https:\/\/www.bioequimica.com.br\/site\/wp-content\/uploads\/2019\/10\/bioequimica.svg","contentUrl":"https:\/\/www.bioequimica.com.br\/site\/wp-content\/uploads\/2019\/10\/bioequimica.svg","width":500,"height":143,"caption":"BioeQuimica Com\u00e9rcio de Produtos para Laborat\u00f3rio Ltda"},"image":{"@id":"https:\/\/www.bioequimica.com.br\/site\/#\/schema\/logo\/image\/"}}]}},"_links":{"self":[{"href":"https:\/\/www.bioequimica.com.br\/site\/wp-json\/wp\/v2\/product\/2907"}],"collection":[{"href":"https:\/\/www.bioequimica.com.br\/site\/wp-json\/wp\/v2\/product"}],"about":[{"href":"https:\/\/www.bioequimica.com.br\/site\/wp-json\/wp\/v2\/types\/product"}],"replies":[{"embeddable":true,"href":"https:\/\/www.bioequimica.com.br\/site\/wp-json\/wp\/v2\/comments?post=2907"}],"wp:featuredmedia":[{"embeddable":true,"href":"https:\/\/www.bioequimica.com.br\/site\/wp-json\/wp\/v2\/media\/2908"}],"wp:attachment":[{"href":"https:\/\/www.bioequimica.com.br\/site\/wp-json\/wp\/v2\/media?parent=2907"}],"wp:term":[{"taxonomy":"product_brand","embeddable":true,"href":"https:\/\/www.bioequimica.com.br\/site\/wp-json\/wp\/v2\/product_brand?post=2907"},{"taxonomy":"product_cat","embeddable":true,"href":"https:\/\/www.bioequimica.com.br\/site\/wp-json\/wp\/v2\/product_cat?post=2907"},{"taxonomy":"product_tag","embeddable":true,"href":"https:\/\/www.bioequimica.com.br\/site\/wp-json\/wp\/v2\/product_tag?post=2907"}],"curies":[{"name":"wp","href":"https:\/\/api.w.org\/{rel}","templated":true}]}}