{"id":2937,"date":"2022-07-29T14:16:04","date_gmt":"2022-07-29T17:16:04","guid":{"rendered":"https:\/\/www.bioequimica.com.br\/site\/?post_type=product&#038;p=2937"},"modified":"2024-08-20T13:59:16","modified_gmt":"2024-08-20T16:59:16","slug":"micropipeta-monocanal-volume-variavel-100-1000m%c2%b5i-autoclavavel-serie-gppremium","status":"publish","type":"product","link":"https:\/\/www.bioequimica.com.br\/site\/produto\/micropipeta-monocanal-volume-variavel-100-1000m%c2%b5i-autoclavavel-serie-gppremium\/","title":{"rendered":"MICROPIPETA MONOCANAL VOLUME VARIAVEL 100-1000M\u00b5I AUTOCLAV\u00c1VEL SERIE GPPREMIUM"},"content":{"rendered":"<div><strong>MICROPIPETA MONOCANAL VOLUME VARIAVEL 100-1000M\u00b5I AUTOCLAV\u00c1VEL SERIE GPPREMIUM<\/strong><\/div>\n<div><\/div>\n<div>COM EJETOR DE PONTA, TOTALMENTE AUTOCLAV\u00c1VEL<\/div>\n<div><\/div>\n<div>Nossas micropipetas ajust\u00e1veis \u200b\u200bde interface de ar de canal \u00fanico e multicanal BOECO GP Series incluem todos os recursos solicitados pelo usu\u00e1rio:<\/div>\n<div>Robustez, opera\u00e7\u00e3o simples, autoclavabilidade completa e design ergon\u00f4mico, bem como a mais alta precis\u00e3o e f\u00e1cil calibra\u00e7\u00e3o para confiabilidade duradoura.<\/div>\n<div><\/div>\n<ul>\n<li>Completamente autoclav\u00e1vel a 121\u00b0C (2 bar) conforme DIN EN 285<\/li>\n<li>Design ergon\u00f4mico<\/li>\n<li>Ajuste de volume simples para canhotos e destros<\/li>\n<li>Fun\u00e7\u00e3o de calibra\u00e7\u00e3o integrada para f\u00e1cil calibra\u00e7\u00e3o sem a necessidade de ferramentas<\/li>\n<li>Boa resist\u00eancia qu\u00edmica e \u00e0 luz UV<\/li>\n<li>conformidade certificada para DIN 12600<\/li>\n<\/ul>\n<div class=\"flex max-w-full flex-col flex-grow\">\n<div class=\"min-h-[20px] text-message flex w-full flex-col items-end gap-2 break-words [.text-message+&amp;]:mt-5 overflow-x-auto whitespace-pre-wrap\" dir=\"auto\" data-message-author-role=\"assistant\" data-message-id=\"d82a02e0-8781-4110-bb0a-396c88a08d97\">\n<div class=\"flex w-full flex-col gap-1 empty:hidden first:pt-[3px]\">\n<div class=\"markdown prose w-full break-words dark:prose-invert light\">\n<p>A Micropipeta Monocanal de Volume Vari\u00e1vel da s\u00e9rie GPPremium da BOECO, modelo BOE 9911100, \u00e9 a escolha ideal para laborat\u00f3rios que exigem alta precis\u00e3o e durabilidade. Com capacidade ajust\u00e1vel de 100 a 1000 \u00b5L, esta micropipeta \u00e9 totalmente autoclav\u00e1vel, garantindo m\u00e1xima seguran\u00e7a e higiene em todos os seus processos. Al\u00e9m disso, seu design ergon\u00f4mico proporciona conforto durante o uso prolongado, enquanto o ajuste de volume, simples e acess\u00edvel para destros e canhotos, assegura uma opera\u00e7\u00e3o suave e eficiente.<\/p>\n<h4>Tecnologia Avan\u00e7ada para Resultados Confi\u00e1veis<\/h4>\n<p>Esta micropipeta inclui um ejetor de ponta, facilitando a troca r\u00e1pida e segura das pontas durante os procedimentos. A fun\u00e7\u00e3o de calibra\u00e7\u00e3o integrada permite ajustes r\u00e1pidos e precisos, sem a necessidade de ferramentas adicionais. Constru\u00edda com materiais de alta qualidade, a micropipeta oferece excelente resist\u00eancia qu\u00edmica e \u00e0 luz UV, garantindo uma longa vida \u00fatil, mesmo em ambientes de laborat\u00f3rio exigentes. <strong>Conforme as normas DIN EN 285<\/strong>, a autoclavagem completa a 121\u00b0C (2 bar) assegura a esterilidade total do equipamento<\/p>\n<\/div>\n<\/div>\n<\/div>\n<\/div>\n<div><strong>Cada pacote inclui:<\/strong><\/div>\n<div>Pipetador BOECO GP, manual, certificado de qualidade.<\/div>\n<div><\/div>\n<div>Fabricado na Alemanha de acordo com as normas de qualidade e meio ambiente ISO 9001:2008 \/ ISO 14001:2009.<\/div>\n<div>Todos os pipetadores s\u00e3o testados de acordo com conforme DIN ISO 8655-2.<\/div>\n<div><\/div>\n<div>\n<table width=\"579\">\n<tbody>\n<tr>\n<td width=\"49\">Canal<\/td>\n<td width=\"97\">Volume<\/td>\n<td width=\"79\">Incremento<\/td>\n<td width=\"113\">Volume de Teste<\/td>\n<td width=\"72\">Inexatid\u00e3o<\/td>\n<td width=\"75\">Imprecis\u00e3o<\/td>\n<td width=\"94\">Tipo de Ponta<\/td>\n<\/tr>\n<tr>\n<td rowspan=\"3\" data-header=\"Channel\">1 canal<\/td>\n<td rowspan=\"3\" data-header=\"Volume\">100 &#8211; 1000 \u00b5l<\/td>\n<td data-header=\"Increment\">1 \u00b5l<\/td>\n<td data-header=\"Test Volume\">1000 \u00b5l<\/td>\n<td data-header=\"Inaccuracy\">\u00b10,60%<\/td>\n<td data-header=\"Imprecision\">\u00b10,20%<\/td>\n<td rowspan=\"3\" data-header=\"Tip Type\">G,H,I<\/td>\n<\/tr>\n<tr>\n<td>500 \u00b5l<\/td>\n<td><\/td>\n<td>\u00b10,80%<\/td>\n<td>\u00b10,30%<\/td>\n<\/tr>\n<tr>\n<td>100 \u00b5l<\/td>\n<td><\/td>\n<td>\u00b13,00%<\/td>\n<td>\u00b10,60%<\/td>\n<\/tr>\n<\/tbody>\n<\/table>\n<\/div>\n","protected":false},"excerpt":{"rendered":"<p>Marca: Boeco<br \/>\nModelo: BOE 9911100<br \/>\nTipo: Micropipeta monocanal volume vari\u00e1vel 100-1000mcl,totalmente autoclav\u00e1vel serie gppremium<\/p>\n<div id=\"gtx-trans\" style=\"position: absolute; left: 660px; top: 31.7743px;\">\n<div class=\"gtx-trans-icon\"><\/div>\n<\/div>\n","protected":false},"featured_media":2936,"comment_status":"open","ping_status":"closed","template":"","meta":{"_monsterinsights_skip_tracking":false,"_monsterinsights_sitenote_active":false,"_monsterinsights_sitenote_note":"","_monsterinsights_sitenote_category":0},"product_brand":[],"product_cat":[112],"product_tag":[],"class_list":{"0":"post-2937","1":"product","2":"type-product","3":"status-publish","4":"has-post-thumbnail","6":"product_cat-boeco","8":"first","9":"instock","10":"shipping-taxable","11":"product-type-simple"},"yoast_head":"<!-- This site is optimized with the Yoast SEO plugin v25.5 - https:\/\/yoast.com\/wordpress\/plugins\/seo\/ -->\n<title>MICROPIPETA MONOCANAL VOLUME VARIAVEL - Bio e Qu\u00edmica<\/title>\n<meta name=\"description\" content=\"Micropipeta monocanal de volume vari\u00e1vel 100-1000 \u00b5L, totalmente autoclav\u00e1vel e de alta precis\u00e3o, s\u00e9rie GPPremium - BOECO BOE 9911100.\" \/>\n<meta name=\"robots\" content=\"index, follow, max-snippet:-1, max-image-preview:large, max-video-preview:-1\" \/>\n<link rel=\"canonical\" href=\"https:\/\/www.bioequimica.com.br\/site\/produto\/micropipeta-monocanal-volume-variavel-100-1000m\u00b5i-autoclavavel-serie-gppremium\/\" \/>\n<meta property=\"og:locale\" content=\"pt_BR\" \/>\n<meta property=\"og:type\" content=\"article\" \/>\n<meta property=\"og:title\" content=\"MICROPIPETA MONOCANAL VOLUME VARIAVEL - Bio e Qu\u00edmica\" \/>\n<meta property=\"og:description\" content=\"Micropipeta monocanal de volume vari\u00e1vel 100-1000 \u00b5L, totalmente autoclav\u00e1vel e de alta precis\u00e3o, s\u00e9rie GPPremium - BOECO BOE 9911100.\" \/>\n<meta property=\"og:url\" content=\"https:\/\/www.bioequimica.com.br\/site\/produto\/micropipeta-monocanal-volume-variavel-100-1000m\u00b5i-autoclavavel-serie-gppremium\/\" \/>\n<meta property=\"og:site_name\" content=\"Bio e Qu\u00edmica\" \/>\n<meta property=\"article:modified_time\" content=\"2024-08-20T16:59:16+00:00\" \/>\n<meta property=\"og:image\" content=\"https:\/\/www.bioequimica.com.br\/site\/wp-content\/uploads\/2022\/07\/BOE-9610220.jpg\" \/>\n\t<meta property=\"og:image:width\" content=\"800\" \/>\n\t<meta property=\"og:image:height\" content=\"800\" \/>\n\t<meta property=\"og:image:type\" content=\"image\/jpeg\" \/>\n<meta name=\"twitter:card\" content=\"summary_large_image\" \/>\n<meta name=\"twitter:label1\" content=\"Est. tempo de leitura\" \/>\n\t<meta name=\"twitter:data1\" content=\"3 minutos\" \/>\n<script type=\"application\/ld+json\" class=\"yoast-schema-graph\">{\"@context\":\"https:\/\/schema.org\",\"@graph\":[{\"@type\":\"WebPage\",\"@id\":\"https:\/\/www.bioequimica.com.br\/site\/produto\/micropipeta-monocanal-volume-variavel-100-1000m%c2%b5i-autoclavavel-serie-gppremium\/\",\"url\":\"https:\/\/www.bioequimica.com.br\/site\/produto\/micropipeta-monocanal-volume-variavel-100-1000m%c2%b5i-autoclavavel-serie-gppremium\/\",\"name\":\"MICROPIPETA MONOCANAL VOLUME VARIAVEL - Bio e Qu\u00edmica\",\"isPartOf\":{\"@id\":\"https:\/\/www.bioequimica.com.br\/site\/#website\"},\"primaryImageOfPage\":{\"@id\":\"https:\/\/www.bioequimica.com.br\/site\/produto\/micropipeta-monocanal-volume-variavel-100-1000m%c2%b5i-autoclavavel-serie-gppremium\/#primaryimage\"},\"image\":{\"@id\":\"https:\/\/www.bioequimica.com.br\/site\/produto\/micropipeta-monocanal-volume-variavel-100-1000m%c2%b5i-autoclavavel-serie-gppremium\/#primaryimage\"},\"thumbnailUrl\":\"https:\/\/www.bioequimica.com.br\/site\/wp-content\/uploads\/2022\/07\/BOE-9610220.jpg\",\"datePublished\":\"2022-07-29T17:16:04+00:00\",\"dateModified\":\"2024-08-20T16:59:16+00:00\",\"description\":\"Micropipeta monocanal de volume vari\u00e1vel 100-1000 \u00b5L, totalmente autoclav\u00e1vel e de alta precis\u00e3o, s\u00e9rie GPPremium - BOECO BOE 9911100.\",\"breadcrumb\":{\"@id\":\"https:\/\/www.bioequimica.com.br\/site\/produto\/micropipeta-monocanal-volume-variavel-100-1000m%c2%b5i-autoclavavel-serie-gppremium\/#breadcrumb\"},\"inLanguage\":\"pt-BR\",\"potentialAction\":[{\"@type\":\"ReadAction\",\"target\":[\"https:\/\/www.bioequimica.com.br\/site\/produto\/micropipeta-monocanal-volume-variavel-100-1000m%c2%b5i-autoclavavel-serie-gppremium\/\"]}]},{\"@type\":\"ImageObject\",\"inLanguage\":\"pt-BR\",\"@id\":\"https:\/\/www.bioequimica.com.br\/site\/produto\/micropipeta-monocanal-volume-variavel-100-1000m%c2%b5i-autoclavavel-serie-gppremium\/#primaryimage\",\"url\":\"https:\/\/www.bioequimica.com.br\/site\/wp-content\/uploads\/2022\/07\/BOE-9610220.jpg\",\"contentUrl\":\"https:\/\/www.bioequimica.com.br\/site\/wp-content\/uploads\/2022\/07\/BOE-9610220.jpg\",\"width\":800,\"height\":800},{\"@type\":\"BreadcrumbList\",\"@id\":\"https:\/\/www.bioequimica.com.br\/site\/produto\/micropipeta-monocanal-volume-variavel-100-1000m%c2%b5i-autoclavavel-serie-gppremium\/#breadcrumb\",\"itemListElement\":[{\"@type\":\"ListItem\",\"position\":1,\"name\":\"In\u00edcio\",\"item\":\"https:\/\/www.bioequimica.com.br\/site\/\"},{\"@type\":\"ListItem\",\"position\":2,\"name\":\"Shop\",\"item\":\"https:\/\/www.bioequimica.com.br\/site\/shop\/\"},{\"@type\":\"ListItem\",\"position\":3,\"name\":\"MICROPIPETA MONOCANAL VOLUME VARIAVEL 100-1000M\u00b5I AUTOCLAV\u00c1VEL SERIE GPPREMIUM\"}]},{\"@type\":\"WebSite\",\"@id\":\"https:\/\/www.bioequimica.com.br\/site\/#website\",\"url\":\"https:\/\/www.bioequimica.com.br\/site\/\",\"name\":\"Bio e Qu\u00edmica\",\"description\":\"Revenda Autorizada Shimadzu, Nasco,Boeco\",\"publisher\":{\"@id\":\"https:\/\/www.bioequimica.com.br\/site\/#organization\"},\"potentialAction\":[{\"@type\":\"SearchAction\",\"target\":{\"@type\":\"EntryPoint\",\"urlTemplate\":\"https:\/\/www.bioequimica.com.br\/site\/?s={search_term_string}\"},\"query-input\":{\"@type\":\"PropertyValueSpecification\",\"valueRequired\":true,\"valueName\":\"search_term_string\"}}],\"inLanguage\":\"pt-BR\"},{\"@type\":\"Organization\",\"@id\":\"https:\/\/www.bioequimica.com.br\/site\/#organization\",\"name\":\"BioeQuimica Com\u00e9rcio de Produtos para Laborat\u00f3rio Ltda\",\"url\":\"https:\/\/www.bioequimica.com.br\/site\/\",\"logo\":{\"@type\":\"ImageObject\",\"inLanguage\":\"pt-BR\",\"@id\":\"https:\/\/www.bioequimica.com.br\/site\/#\/schema\/logo\/image\/\",\"url\":\"https:\/\/www.bioequimica.com.br\/site\/wp-content\/uploads\/2019\/10\/bioequimica.svg\",\"contentUrl\":\"https:\/\/www.bioequimica.com.br\/site\/wp-content\/uploads\/2019\/10\/bioequimica.svg\",\"width\":500,\"height\":143,\"caption\":\"BioeQuimica Com\u00e9rcio de Produtos para Laborat\u00f3rio Ltda\"},\"image\":{\"@id\":\"https:\/\/www.bioequimica.com.br\/site\/#\/schema\/logo\/image\/\"}}]}<\/script>\n<!-- \/ Yoast SEO plugin. -->","yoast_head_json":{"title":"MICROPIPETA MONOCANAL VOLUME VARIAVEL - Bio e Qu\u00edmica","description":"Micropipeta monocanal de volume vari\u00e1vel 100-1000 \u00b5L, totalmente autoclav\u00e1vel e de alta precis\u00e3o, s\u00e9rie GPPremium - BOECO BOE 9911100.","robots":{"index":"index","follow":"follow","max-snippet":"max-snippet:-1","max-image-preview":"max-image-preview:large","max-video-preview":"max-video-preview:-1"},"canonical":"https:\/\/www.bioequimica.com.br\/site\/produto\/micropipeta-monocanal-volume-variavel-100-1000m\u00b5i-autoclavavel-serie-gppremium\/","og_locale":"pt_BR","og_type":"article","og_title":"MICROPIPETA MONOCANAL VOLUME VARIAVEL - Bio e Qu\u00edmica","og_description":"Micropipeta monocanal de volume vari\u00e1vel 100-1000 \u00b5L, totalmente autoclav\u00e1vel e de alta precis\u00e3o, s\u00e9rie GPPremium - BOECO BOE 9911100.","og_url":"https:\/\/www.bioequimica.com.br\/site\/produto\/micropipeta-monocanal-volume-variavel-100-1000m\u00b5i-autoclavavel-serie-gppremium\/","og_site_name":"Bio e Qu\u00edmica","article_modified_time":"2024-08-20T16:59:16+00:00","og_image":[{"width":800,"height":800,"url":"https:\/\/www.bioequimica.com.br\/site\/wp-content\/uploads\/2022\/07\/BOE-9610220.jpg","type":"image\/jpeg"}],"twitter_card":"summary_large_image","twitter_misc":{"Est. tempo de leitura":"3 minutos"},"schema":{"@context":"https:\/\/schema.org","@graph":[{"@type":"WebPage","@id":"https:\/\/www.bioequimica.com.br\/site\/produto\/micropipeta-monocanal-volume-variavel-100-1000m%c2%b5i-autoclavavel-serie-gppremium\/","url":"https:\/\/www.bioequimica.com.br\/site\/produto\/micropipeta-monocanal-volume-variavel-100-1000m%c2%b5i-autoclavavel-serie-gppremium\/","name":"MICROPIPETA MONOCANAL VOLUME VARIAVEL - Bio e Qu\u00edmica","isPartOf":{"@id":"https:\/\/www.bioequimica.com.br\/site\/#website"},"primaryImageOfPage":{"@id":"https:\/\/www.bioequimica.com.br\/site\/produto\/micropipeta-monocanal-volume-variavel-100-1000m%c2%b5i-autoclavavel-serie-gppremium\/#primaryimage"},"image":{"@id":"https:\/\/www.bioequimica.com.br\/site\/produto\/micropipeta-monocanal-volume-variavel-100-1000m%c2%b5i-autoclavavel-serie-gppremium\/#primaryimage"},"thumbnailUrl":"https:\/\/www.bioequimica.com.br\/site\/wp-content\/uploads\/2022\/07\/BOE-9610220.jpg","datePublished":"2022-07-29T17:16:04+00:00","dateModified":"2024-08-20T16:59:16+00:00","description":"Micropipeta monocanal de volume vari\u00e1vel 100-1000 \u00b5L, totalmente autoclav\u00e1vel e de alta precis\u00e3o, s\u00e9rie GPPremium - BOECO BOE 9911100.","breadcrumb":{"@id":"https:\/\/www.bioequimica.com.br\/site\/produto\/micropipeta-monocanal-volume-variavel-100-1000m%c2%b5i-autoclavavel-serie-gppremium\/#breadcrumb"},"inLanguage":"pt-BR","potentialAction":[{"@type":"ReadAction","target":["https:\/\/www.bioequimica.com.br\/site\/produto\/micropipeta-monocanal-volume-variavel-100-1000m%c2%b5i-autoclavavel-serie-gppremium\/"]}]},{"@type":"ImageObject","inLanguage":"pt-BR","@id":"https:\/\/www.bioequimica.com.br\/site\/produto\/micropipeta-monocanal-volume-variavel-100-1000m%c2%b5i-autoclavavel-serie-gppremium\/#primaryimage","url":"https:\/\/www.bioequimica.com.br\/site\/wp-content\/uploads\/2022\/07\/BOE-9610220.jpg","contentUrl":"https:\/\/www.bioequimica.com.br\/site\/wp-content\/uploads\/2022\/07\/BOE-9610220.jpg","width":800,"height":800},{"@type":"BreadcrumbList","@id":"https:\/\/www.bioequimica.com.br\/site\/produto\/micropipeta-monocanal-volume-variavel-100-1000m%c2%b5i-autoclavavel-serie-gppremium\/#breadcrumb","itemListElement":[{"@type":"ListItem","position":1,"name":"In\u00edcio","item":"https:\/\/www.bioequimica.com.br\/site\/"},{"@type":"ListItem","position":2,"name":"Shop","item":"https:\/\/www.bioequimica.com.br\/site\/shop\/"},{"@type":"ListItem","position":3,"name":"MICROPIPETA MONOCANAL VOLUME VARIAVEL 100-1000M\u00b5I AUTOCLAV\u00c1VEL SERIE GPPREMIUM"}]},{"@type":"WebSite","@id":"https:\/\/www.bioequimica.com.br\/site\/#website","url":"https:\/\/www.bioequimica.com.br\/site\/","name":"Bio e Qu\u00edmica","description":"Revenda Autorizada Shimadzu, Nasco,Boeco","publisher":{"@id":"https:\/\/www.bioequimica.com.br\/site\/#organization"},"potentialAction":[{"@type":"SearchAction","target":{"@type":"EntryPoint","urlTemplate":"https:\/\/www.bioequimica.com.br\/site\/?s={search_term_string}"},"query-input":{"@type":"PropertyValueSpecification","valueRequired":true,"valueName":"search_term_string"}}],"inLanguage":"pt-BR"},{"@type":"Organization","@id":"https:\/\/www.bioequimica.com.br\/site\/#organization","name":"BioeQuimica Com\u00e9rcio de Produtos para Laborat\u00f3rio Ltda","url":"https:\/\/www.bioequimica.com.br\/site\/","logo":{"@type":"ImageObject","inLanguage":"pt-BR","@id":"https:\/\/www.bioequimica.com.br\/site\/#\/schema\/logo\/image\/","url":"https:\/\/www.bioequimica.com.br\/site\/wp-content\/uploads\/2019\/10\/bioequimica.svg","contentUrl":"https:\/\/www.bioequimica.com.br\/site\/wp-content\/uploads\/2019\/10\/bioequimica.svg","width":500,"height":143,"caption":"BioeQuimica Com\u00e9rcio de Produtos para Laborat\u00f3rio Ltda"},"image":{"@id":"https:\/\/www.bioequimica.com.br\/site\/#\/schema\/logo\/image\/"}}]}},"_links":{"self":[{"href":"https:\/\/www.bioequimica.com.br\/site\/wp-json\/wp\/v2\/product\/2937"}],"collection":[{"href":"https:\/\/www.bioequimica.com.br\/site\/wp-json\/wp\/v2\/product"}],"about":[{"href":"https:\/\/www.bioequimica.com.br\/site\/wp-json\/wp\/v2\/types\/product"}],"replies":[{"embeddable":true,"href":"https:\/\/www.bioequimica.com.br\/site\/wp-json\/wp\/v2\/comments?post=2937"}],"wp:featuredmedia":[{"embeddable":true,"href":"https:\/\/www.bioequimica.com.br\/site\/wp-json\/wp\/v2\/media\/2936"}],"wp:attachment":[{"href":"https:\/\/www.bioequimica.com.br\/site\/wp-json\/wp\/v2\/media?parent=2937"}],"wp:term":[{"taxonomy":"product_brand","embeddable":true,"href":"https:\/\/www.bioequimica.com.br\/site\/wp-json\/wp\/v2\/product_brand?post=2937"},{"taxonomy":"product_cat","embeddable":true,"href":"https:\/\/www.bioequimica.com.br\/site\/wp-json\/wp\/v2\/product_cat?post=2937"},{"taxonomy":"product_tag","embeddable":true,"href":"https:\/\/www.bioequimica.com.br\/site\/wp-json\/wp\/v2\/product_tag?post=2937"}],"curies":[{"name":"wp","href":"https:\/\/api.w.org\/{rel}","templated":true}]}}